Last updated on 2022-08-15 08:50:03 CEST.
Flavor | Version | Tinstall | Tcheck | Ttotal | Status | Flags |
---|---|---|---|---|---|---|
r-devel-linux-x86_64-debian-clang | 0.1.1 | 33.64 | 36.57 | 70.21 | OK | |
r-devel-linux-x86_64-debian-gcc | 0.1.1 | 28.10 | 28.16 | 56.26 | OK | |
r-devel-linux-x86_64-fedora-clang | 0.1.1 | 102.07 | NOTE | |||
r-devel-linux-x86_64-fedora-gcc | 0.1.1 | 103.29 | NOTE | |||
r-devel-windows-x86_64 | 0.1.1 | 37.00 | 64.00 | 101.00 | OK | |
r-patched-linux-x86_64 | 0.1.1 | 30.20 | 34.59 | 64.79 | OK | |
r-release-linux-x86_64 | 0.1.1 | 31.83 | 35.65 | 67.48 | OK | |
r-release-macos-arm64 | 0.1.1 | 42.00 | NOTE | |||
r-release-macos-x86_64 | 0.1.1 | 48.00 | NOTE | |||
r-release-windows-x86_64 | 0.1.1 | 45.00 | 65.00 | 110.00 | OK | |
r-oldrel-macos-arm64 | 0.1.1 | 52.00 | NOTE | |||
r-oldrel-macos-x86_64 | 0.1.1 | 63.00 | NOTE | |||
r-oldrel-windows-ix86+x86_64 | 0.1.1 | 47.00 | 55.00 | 102.00 | OK |
Version: 0.1.1
Check: dependencies in R code
Result: NOTE
Namespace in Imports field not imported from: ‘stats’
All declared Imports should be used.
Flavors: r-devel-linux-x86_64-fedora-clang, r-devel-linux-x86_64-fedora-gcc, r-release-macos-arm64, r-release-macos-x86_64, r-oldrel-macos-arm64, r-oldrel-macos-x86_64