Last updated on 2022-08-15 08:50:03 CEST.
Flavor | Version | Tinstall | Tcheck | Ttotal | Status | Flags |
---|---|---|---|---|---|---|
r-devel-linux-x86_64-debian-clang | 1.2.4 | 7.98 | 167.59 | 175.57 | NOTE | |
r-devel-linux-x86_64-debian-gcc | 1.2.4 | 7.66 | 143.05 | 150.71 | NOTE | |
r-devel-linux-x86_64-fedora-clang | 1.2.4 | 203.46 | NOTE | |||
r-devel-linux-x86_64-fedora-gcc | 1.2.4 | 218.69 | NOTE | |||
r-devel-windows-x86_64 | 1.2.4 | 69.00 | 186.00 | 255.00 | NOTE | |
r-patched-linux-x86_64 | 1.2.4 | 8.37 | 157.33 | 165.70 | NOTE | |
r-release-linux-x86_64 | 1.2.4 | 7.71 | 149.68 | 157.39 | NOTE | |
r-release-macos-arm64 | 1.2.4 | 58.00 | NOTE | |||
r-release-macos-x86_64 | 1.2.4 | 97.00 | NOTE | |||
r-release-windows-x86_64 | 1.2.4 | 64.00 | 185.00 | 249.00 | NOTE | |
r-oldrel-macos-arm64 | 1.2.4 | 77.00 | NOTE | |||
r-oldrel-macos-x86_64 | 1.2.4 | 119.00 | NOTE | |||
r-oldrel-windows-ix86+x86_64 | 1.2.4 | 22.00 | 181.00 | 203.00 | NOTE |
Version: 1.2.4
Check: LazyData
Result: NOTE
'LazyData' is specified without a 'data' directory
Flavors: r-devel-linux-x86_64-debian-clang, r-devel-linux-x86_64-debian-gcc, r-devel-linux-x86_64-fedora-clang, r-devel-linux-x86_64-fedora-gcc, r-devel-windows-x86_64, r-patched-linux-x86_64, r-release-linux-x86_64, r-release-macos-arm64, r-release-macos-x86_64, r-release-windows-x86_64, r-oldrel-macos-arm64, r-oldrel-macos-x86_64, r-oldrel-windows-ix86+x86_64