Last updated on 2022-08-15 08:50:03 CEST.
Flavor | Version | Tinstall | Tcheck | Ttotal | Status | Flags |
---|---|---|---|---|---|---|
r-devel-linux-x86_64-debian-clang | 1.3 | 15.24 | 167.31 | 182.55 | NOTE | |
r-devel-linux-x86_64-debian-gcc | 1.3 | 12.81 | 127.81 | 140.62 | NOTE | |
r-devel-linux-x86_64-fedora-clang | 1.3 | 231.05 | NOTE | |||
r-devel-linux-x86_64-fedora-gcc | 1.3 | 252.44 | NOTE | |||
r-devel-windows-x86_64 | 1.3 | 58.00 | 200.00 | 258.00 | NOTE | |
r-patched-linux-x86_64 | 1.3 | 16.60 | 166.66 | 183.26 | OK | |
r-release-linux-x86_64 | 1.3 | 11.45 | 167.20 | 178.65 | OK | |
r-release-macos-arm64 | 1.3 | 6.00 | ERROR | |||
r-release-macos-x86_64 | 1.3 | 133.00 | NOTE | |||
r-release-windows-x86_64 | 1.3 | 71.00 | 206.00 | 277.00 | OK | |
r-oldrel-macos-arm64 | 1.3 | 86.00 | NOTE | |||
r-oldrel-macos-x86_64 | 1.3 | 90.00 | NOTE | |||
r-oldrel-windows-ix86+x86_64 | 1.3 | 33.00 | 207.00 | 240.00 | OK |
Version: 1.3
Check: Rd files
Result: NOTE
checkRd: (-1) plot-methods.Rd:55: Escaped LaTeX specials: \_
checkRd: (-1) plot-methods.Rd:125: Escaped LaTeX specials: \_
Flavors: r-devel-linux-x86_64-debian-clang, r-devel-linux-x86_64-debian-gcc, r-devel-linux-x86_64-fedora-clang, r-devel-linux-x86_64-fedora-gcc, r-devel-windows-x86_64
Version: 1.3
Check: dependencies in R code
Result: NOTE
Namespaces in Imports field not imported from:
‘KernSmooth’ ‘Mfuzz’ ‘SelectBoost’ ‘gplots’ ‘grid’ ‘jetset’ ‘magic’
‘msgps’ ‘splines’ ‘stats4’ ‘survival’
All declared Imports should be used.
Flavors: r-devel-linux-x86_64-fedora-clang, r-devel-linux-x86_64-fedora-gcc, r-release-macos-x86_64, r-oldrel-macos-arm64, r-oldrel-macos-x86_64
Version: 1.3
Check: package dependencies
Result: ERROR
Package required but not available: ‘Mfuzz’
See section ‘The DESCRIPTION file’ in the ‘Writing R Extensions’
manual.
Flavor: r-release-macos-arm64