Last updated on 2022-08-15 08:50:04 CEST.
Flavor | Version | Tinstall | Tcheck | Ttotal | Status | Flags |
---|---|---|---|---|---|---|
r-devel-linux-x86_64-debian-clang | 2.0.4 | 25.21 | 361.79 | 387.00 | NOTE | |
r-devel-linux-x86_64-debian-gcc | 2.0.4 | 20.87 | 268.45 | 289.32 | NOTE | |
r-devel-linux-x86_64-fedora-clang | 2.0.4 | 484.94 | NOTE | |||
r-devel-linux-x86_64-fedora-gcc | 2.0.4 | 528.79 | NOTE | |||
r-devel-windows-x86_64 | 2.0.4 | 564.00 | 259.00 | 823.00 | NOTE | --no-vignettes |
r-patched-linux-x86_64 | 2.0.4 | 28.06 | 348.61 | 376.67 | OK | |
r-release-linux-x86_64 | 2.0.4 | 23.50 | 341.38 | 364.88 | OK | |
r-release-macos-arm64 | 2.0.4 | 147.00 | OK | |||
r-release-macos-x86_64 | 2.0.4 | 214.00 | OK | |||
r-release-windows-x86_64 | 2.0.4 | 877.00 | 268.00 | 1145.00 | OK | --no-vignettes |
r-oldrel-macos-arm64 | 2.0.4 | 186.00 | OK | |||
r-oldrel-macos-x86_64 | 2.0.4 | 342.00 | OK | |||
r-oldrel-windows-ix86+x86_64 | 2.0.4 | 50.00 | 391.00 | 441.00 | OK | --no-vignettes |
Version: 2.0.4
Check: Rd files
Result: NOTE
checkRd: (-1) CAPM.RiskPremium.Rd:67: Escaped LaTeX specials: \&
checkRd: (-1) chart.ECDF.Rd:31: Escaped LaTeX specials: \#
checkRd: (-1) managers.Rd:8: Escaped LaTeX specials: \&
Flavors: r-devel-linux-x86_64-debian-clang, r-devel-linux-x86_64-debian-gcc, r-devel-linux-x86_64-fedora-clang, r-devel-linux-x86_64-fedora-gcc
Version: 2.0.4
Check: HTML version of manual
Result: NOTE
Found the following HTML validation problems:
Return.Geltner.html:58:32: Warning: trimming empty <code>
centeredmoments.html:24:32: Warning: trimming empty <code>
Flavors: r-devel-linux-x86_64-debian-clang, r-devel-linux-x86_64-debian-gcc, r-devel-linux-x86_64-fedora-clang, r-devel-linux-x86_64-fedora-gcc
Version: 2.0.4
Check: Rd cross-references
Result: NOTE
Undeclared packages ‘timeSeries’, ‘tseries’, ‘car’, ‘gplots’ in Rd xrefs
Flavor: r-devel-linux-x86_64-fedora-clang
Version: 2.0.4
Flags: --no-vignettes
Check: Rd files
Result: NOTE
checkRd: (-1) CAPM.RiskPremium.Rd:67: Escaped LaTeX specials: \&
checkRd: (-1) chart.ECDF.Rd:31: Escaped LaTeX specials: \#
checkRd: (-1) managers.Rd:8: Escaped LaTeX specials: \&
Flavor: r-devel-windows-x86_64