Last updated on 2022-08-15 08:50:04 CEST.
Flavor | Version | Tinstall | Tcheck | Ttotal | Status | Flags |
---|---|---|---|---|---|---|
r-devel-linux-x86_64-debian-clang | 0.3.4 | 9.01 | 58.68 | 67.69 | NOTE | |
r-devel-linux-x86_64-debian-gcc | 0.3.4 | 6.14 | 46.12 | 52.26 | NOTE | |
r-devel-linux-x86_64-fedora-clang | 0.3.4 | 91.53 | NOTE | |||
r-devel-linux-x86_64-fedora-gcc | 0.3.4 | 92.29 | NOTE | |||
r-devel-windows-x86_64 | 0.3.4 | 11.00 | 87.00 | 98.00 | NOTE | |
r-patched-linux-x86_64 | 0.3.4 | 8.69 | 56.10 | 64.79 | NOTE | |
r-release-linux-x86_64 | 0.3.4 | 8.34 | 57.57 | 65.91 | NOTE | |
r-release-macos-arm64 | 0.3.4 | 28.00 | NOTE | |||
r-release-macos-x86_64 | 0.3.4 | 40.00 | NOTE | |||
r-release-windows-x86_64 | 0.3.4 | 30.00 | 90.00 | 120.00 | NOTE | |
r-oldrel-macos-arm64 | 0.3.4 | 35.00 | NOTE | |||
r-oldrel-macos-x86_64 | 0.3.4 | 45.00 | NOTE | |||
r-oldrel-windows-ix86+x86_64 | 0.3.4 | 16.00 | 81.00 | 97.00 | NOTE |
Version: 0.3.4
Check: LazyData
Result: NOTE
'LazyData' is specified without a 'data' directory
Flavors: r-devel-linux-x86_64-debian-clang, r-devel-linux-x86_64-debian-gcc, r-devel-linux-x86_64-fedora-clang, r-devel-linux-x86_64-fedora-gcc, r-devel-windows-x86_64, r-patched-linux-x86_64, r-release-linux-x86_64, r-release-macos-arm64, r-release-macos-x86_64, r-release-windows-x86_64, r-oldrel-macos-arm64, r-oldrel-macos-x86_64, r-oldrel-windows-ix86+x86_64