Last updated on 2022-08-15 08:50:04 CEST.
Flavor | Version | Tinstall | Tcheck | Ttotal | Status | Flags |
---|---|---|---|---|---|---|
r-devel-linux-x86_64-debian-clang | 1.0.8 | 10.11 | 86.90 | 97.01 | OK | |
r-devel-linux-x86_64-debian-gcc | 1.0.8 | 7.73 | 67.72 | 75.45 | OK | |
r-devel-linux-x86_64-fedora-clang | 1.0.8 | 127.67 | OK | |||
r-devel-linux-x86_64-fedora-gcc | 1.0.8 | 129.83 | OK | |||
r-devel-windows-x86_64 | 1.0.8 | 13.00 | 106.00 | 119.00 | OK | |
r-patched-linux-x86_64 | 1.0.8 | 9.93 | 83.65 | 93.58 | OK | |
r-release-linux-x86_64 | 1.0.8 | 9.81 | 85.42 | 95.23 | OK | |
r-release-macos-arm64 | 1.0.8 | 5.00 | ERROR | |||
r-release-macos-x86_64 | 1.0.8 | 59.00 | OK | |||
r-release-windows-x86_64 | 1.0.8 | 15.00 | 107.00 | 122.00 | OK | |
r-oldrel-macos-arm64 | 1.0.8 | 10.00 | ERROR | |||
r-oldrel-macos-x86_64 | 1.0.8 | 68.00 | OK | |||
r-oldrel-windows-ix86+x86_64 | 1.0.8 | 20.00 | 105.00 | 125.00 | OK |
Version: 1.0.8
Check: package dependencies
Result: ERROR
Package required but not available: ‘LBE’
See section ‘The DESCRIPTION file’ in the ‘Writing R Extensions’
manual.
Flavors: r-release-macos-arm64, r-oldrel-macos-arm64