Last updated on 2022-08-15 08:50:04 CEST.
Flavor | Version | Tinstall | Tcheck | Ttotal | Status | Flags |
---|---|---|---|---|---|---|
r-devel-linux-x86_64-debian-clang | 2.1 | 51.54 | 80.87 | 132.41 | NOTE | |
r-devel-linux-x86_64-debian-gcc | 2.1 | 35.67 | 60.39 | 96.06 | NOTE | |
r-devel-linux-x86_64-fedora-clang | 2.1 | 178.45 | NOTE | |||
r-devel-linux-x86_64-fedora-gcc | 2.1 | 170.40 | NOTE | |||
r-devel-windows-x86_64 | 2.1 | 51.00 | 127.00 | 178.00 | NOTE | |
r-patched-linux-x86_64 | 2.1 | 37.08 | 76.66 | 113.74 | NOTE | |
r-release-linux-x86_64 | 2.1 | 42.39 | 75.03 | 117.42 | NOTE | |
r-release-macos-arm64 | 2.1 | 45.00 | NOTE | |||
r-release-macos-x86_64 | 2.1 | 62.00 | NOTE | |||
r-release-windows-x86_64 | 2.1 | 49.00 | 126.00 | 175.00 | NOTE | |
r-oldrel-macos-arm64 | 2.1 | 53.00 | NOTE | |||
r-oldrel-macos-x86_64 | 2.1 | 80.00 | NOTE | |||
r-oldrel-windows-ix86+x86_64 | 2.1 | 108.00 | 155.00 | 263.00 | NOTE |
Version: 2.1
Check: LazyData
Result: NOTE
'LazyData' is specified without a 'data' directory
Flavors: r-devel-linux-x86_64-debian-clang, r-devel-linux-x86_64-debian-gcc, r-devel-linux-x86_64-fedora-clang, r-devel-linux-x86_64-fedora-gcc, r-devel-windows-x86_64, r-patched-linux-x86_64, r-release-linux-x86_64, r-release-macos-arm64, r-release-macos-x86_64, r-release-windows-x86_64, r-oldrel-macos-arm64, r-oldrel-macos-x86_64, r-oldrel-windows-ix86+x86_64