Last updated on 2022-08-15 08:50:04 CEST.
Flavor | Version | Tinstall | Tcheck | Ttotal | Status | Flags |
---|---|---|---|---|---|---|
r-devel-linux-x86_64-debian-clang | 1.5.0 | 62.98 | 221.14 | 284.12 | OK | |
r-devel-linux-x86_64-debian-gcc | 1.5.0 | 46.19 | 164.59 | 210.78 | OK | |
r-devel-linux-x86_64-fedora-clang | 1.5.0 | 351.82 | OK | |||
r-devel-linux-x86_64-fedora-gcc | 1.5.0 | 341.26 | OK | |||
r-devel-windows-x86_64 | 1.5.0 | 380.00 | 432.00 | 812.00 | OK | |
r-patched-linux-x86_64 | 1.5.0 | 52.90 | 208.98 | 261.88 | OK | |
r-release-linux-x86_64 | 1.5.0 | 50.49 | 208.86 | 259.35 | OK | |
r-release-macos-arm64 | 1.5.0 | 128.00 | NOTE | |||
r-release-macos-x86_64 | 1.5.0 | 201.00 | NOTE | |||
r-release-windows-x86_64 | 1.5.0 | 305.00 | 440.00 | 745.00 | OK | |
r-oldrel-macos-arm64 | 1.5.0 | 120.00 | NOTE | |||
r-oldrel-macos-x86_64 | 1.5.0 | 177.00 | NOTE | |||
r-oldrel-windows-ix86+x86_64 | 1.5.0 | 131.00 | 534.00 | 665.00 | OK |
Version: 1.5.0
Check: installed package size
Result: NOTE
installed size is 5.0Mb
sub-directories of 1Mb or more:
libs 3.5Mb
Flavors: r-release-macos-arm64, r-release-macos-x86_64, r-oldrel-macos-arm64, r-oldrel-macos-x86_64