Last updated on 2022-08-15 08:50:04 CEST.
Flavor | Version | Tinstall | Tcheck | Ttotal | Status | Flags |
---|---|---|---|---|---|---|
r-devel-linux-x86_64-debian-clang | 1.4.3 | 24.00 | 137.55 | 161.55 | OK | |
r-devel-linux-x86_64-debian-gcc | 1.4.3 | 18.31 | 97.55 | 115.86 | OK | |
r-devel-linux-x86_64-fedora-clang | 1.4.3 | 207.69 | NOTE | |||
r-devel-linux-x86_64-fedora-gcc | 1.4.3 | 207.10 | NOTE | |||
r-devel-windows-x86_64 | 1.4.3 | 61.00 | 212.00 | 273.00 | OK | |
r-patched-linux-x86_64 | 1.4.3 | 20.91 | 130.39 | 151.30 | OK | |
r-release-linux-x86_64 | 1.4.3 | 20.70 | 130.29 | 150.99 | OK | |
r-release-macos-arm64 | 1.4.3 | 64.00 | NOTE | |||
r-release-macos-x86_64 | 1.4.3 | 116.00 | NOTE | |||
r-release-windows-x86_64 | 1.4.3 | 33.00 | 214.00 | 247.00 | OK | |
r-oldrel-macos-arm64 | 1.4.3 | 60.00 | NOTE | |||
r-oldrel-macos-x86_64 | 1.4.3 | 81.00 | NOTE | |||
r-oldrel-windows-ix86+x86_64 | 1.4.3 | 59.00 | 252.00 | 311.00 | OK |
Version: 1.4.3
Check: dependencies in R code
Result: NOTE
Namespace in Imports field not imported from: ‘dplyr’
All declared Imports should be used.
Flavors: r-devel-linux-x86_64-fedora-clang, r-devel-linux-x86_64-fedora-gcc, r-release-macos-arm64, r-release-macos-x86_64, r-oldrel-macos-arm64, r-oldrel-macos-x86_64