Last updated on 2022-08-15 08:50:04 CEST.
Flavor | Version | Tinstall | Tcheck | Ttotal | Status | Flags |
---|---|---|---|---|---|---|
r-devel-linux-x86_64-debian-clang | 0.3 | 15.02 | 127.06 | 142.08 | OK | |
r-devel-linux-x86_64-debian-gcc | 0.3 | 10.79 | 94.00 | 104.79 | OK | |
r-devel-linux-x86_64-fedora-clang | 0.3 | 178.02 | NOTE | |||
r-devel-linux-x86_64-fedora-gcc | 0.3 | 171.07 | NOTE | |||
r-devel-windows-x86_64 | 0.3 | 31.00 | 146.00 | 177.00 | OK | |
r-patched-linux-x86_64 | 0.3 | 16.83 | 118.40 | 135.23 | OK | |
r-release-linux-x86_64 | 0.3 | 14.17 | 119.34 | 133.51 | OK | |
r-release-macos-arm64 | 0.3 | 48.00 | NOTE | |||
r-release-macos-x86_64 | 0.3 | 95.00 | NOTE | |||
r-release-windows-x86_64 | 0.3 | 19.00 | 145.00 | 164.00 | OK | |
r-oldrel-macos-arm64 | 0.3 | 39.00 | NOTE | |||
r-oldrel-macos-x86_64 | 0.3 | 65.00 | NOTE | |||
r-oldrel-windows-ix86+x86_64 | 0.3 | 29.00 | 139.00 | 168.00 | OK |
Version: 0.3
Check: data for non-ASCII characters
Result: NOTE
Note: found 21 marked UTF-8 strings
Flavors: r-devel-linux-x86_64-fedora-clang, r-devel-linux-x86_64-fedora-gcc, r-release-macos-arm64, r-release-macos-x86_64, r-oldrel-macos-arm64, r-oldrel-macos-x86_64