Last updated on 2022-08-15 08:50:04 CEST.
Flavor | Version | Tinstall | Tcheck | Ttotal | Status | Flags |
---|---|---|---|---|---|---|
r-devel-linux-x86_64-debian-clang | 0.1.6 | 3.39 | 45.56 | 48.95 | NOTE | |
r-devel-linux-x86_64-debian-gcc | 0.1.6 | 2.41 | 34.63 | 37.04 | NOTE | |
r-devel-linux-x86_64-fedora-clang | 0.1.6 | 70.26 | NOTE | |||
r-devel-linux-x86_64-fedora-gcc | 0.1.6 | 70.62 | NOTE | |||
r-devel-windows-x86_64 | 0.1.6 | 27.00 | 89.00 | 116.00 | NOTE | |
r-patched-linux-x86_64 | 0.1.6 | 3.22 | 44.96 | 48.18 | NOTE | |
r-release-linux-x86_64 | 0.1.6 | 2.45 | 44.40 | 46.85 | NOTE | |
r-release-macos-arm64 | 0.1.6 | 43.00 | NOTE | |||
r-release-macos-x86_64 | 0.1.6 | 61.00 | NOTE | |||
r-release-windows-x86_64 | 0.1.6 | 30.00 | 95.00 | 125.00 | NOTE | |
r-oldrel-macos-arm64 | 0.1.6 | 39.00 | NOTE | |||
r-oldrel-macos-x86_64 | 0.1.6 | 56.00 | NOTE | |||
r-oldrel-windows-ix86+x86_64 | 0.1.6 | 11.00 | 77.00 | 88.00 | NOTE |
Version: 0.1.6
Check: LazyData
Result: NOTE
'LazyData' is specified without a 'data' directory
Flavors: r-devel-linux-x86_64-debian-clang, r-devel-linux-x86_64-debian-gcc, r-devel-linux-x86_64-fedora-clang, r-devel-linux-x86_64-fedora-gcc, r-devel-windows-x86_64, r-patched-linux-x86_64, r-release-linux-x86_64, r-release-macos-arm64, r-release-macos-x86_64, r-release-windows-x86_64, r-oldrel-macos-arm64, r-oldrel-macos-x86_64, r-oldrel-windows-ix86+x86_64
Version: 0.1.6
Check: dependencies in R code
Result: NOTE
Namespace in Imports field not imported from: ‘purrr’
All declared Imports should be used.
Flavors: r-devel-linux-x86_64-fedora-clang, r-devel-linux-x86_64-fedora-gcc, r-release-macos-arm64, r-release-macos-x86_64, r-oldrel-macos-arm64, r-oldrel-macos-x86_64