Last updated on 2022-08-15 08:50:04 CEST.
Flavor | Version | Tinstall | Tcheck | Ttotal | Status | Flags |
---|---|---|---|---|---|---|
r-devel-linux-x86_64-debian-clang | 1.1.0 | 22.67 | 388.68 | 411.35 | OK | |
r-devel-linux-x86_64-debian-gcc | 1.1.0 | 15.58 | 266.24 | 281.82 | OK | |
r-devel-linux-x86_64-fedora-clang | 1.1.0 | 456.66 | OK | |||
r-devel-linux-x86_64-fedora-gcc | 1.1.0 | 460.48 | OK | |||
r-devel-windows-x86_64 | 1.1.0 | 653.00 | 158.00 | 811.00 | OK | --no-vignettes |
r-patched-linux-x86_64 | 1.1.0 | 25.88 | 348.51 | 374.39 | OK | |
r-release-linux-x86_64 | 1.1.0 | 21.34 | 346.68 | 368.02 | OK | |
r-release-macos-arm64 | 1.1.0 | 164.00 | OK | |||
r-release-macos-x86_64 | 1.1.0 | 233.00 | OK | |||
r-release-windows-x86_64 | 1.1.0 | 478.00 | 154.00 | 632.00 | OK | --no-vignettes |
r-oldrel-macos-arm64 | 1.1.0 | 210.00 | NOTE | |||
r-oldrel-macos-x86_64 | 1.1.0 | 310.00 | OK | |||
r-oldrel-windows-ix86+x86_64 | 1.1.0 | 40.00 | 146.00 | 186.00 | OK | --no-vignettes |
Version: 1.1.0
Check: package dependencies
Result: NOTE
Package suggested but not available for checking: ‘ROI.plugin.symphony’
Flavor: r-oldrel-macos-arm64