Last updated on 2022-08-15 08:50:04 CEST.
Flavor | Version | Tinstall | Tcheck | Ttotal | Status | Flags |
---|---|---|---|---|---|---|
r-devel-linux-x86_64-debian-clang | 1.0-12 | 6.66 | 67.34 | 74.00 | NOTE | |
r-devel-linux-x86_64-debian-gcc | 1.0-12 | 6.87 | 50.60 | 57.47 | NOTE | |
r-devel-linux-x86_64-fedora-clang | 1.0-12 | 97.80 | NOTE | |||
r-devel-linux-x86_64-fedora-gcc | 1.0-12 | 98.91 | NOTE | |||
r-devel-windows-x86_64 | 1.0-12 | 13.00 | 87.00 | 100.00 | NOTE | |
r-patched-linux-x86_64 | 1.0-12 | 7.91 | 63.32 | 71.23 | NOTE | |
r-release-linux-x86_64 | 1.0-12 | 6.89 | 64.84 | 71.73 | NOTE | |
r-release-macos-arm64 | 1.0-12 | 28.00 | NOTE | |||
r-release-macos-x86_64 | 1.0-12 | 42.00 | NOTE | |||
r-release-windows-x86_64 | 1.0-12 | 22.00 | 87.00 | 109.00 | NOTE | |
r-oldrel-macos-arm64 | 1.0-12 | 36.00 | NOTE | |||
r-oldrel-macos-x86_64 | 1.0-12 | 51.00 | NOTE | |||
r-oldrel-windows-ix86+x86_64 | 1.0-12 | 17.00 | 84.00 | 101.00 | NOTE |
Version: 1.0-12
Check: LazyData
Result: NOTE
'LazyData' is specified without a 'data' directory
Flavors: r-devel-linux-x86_64-debian-clang, r-devel-linux-x86_64-debian-gcc, r-devel-linux-x86_64-fedora-clang, r-devel-linux-x86_64-fedora-gcc, r-devel-windows-x86_64, r-patched-linux-x86_64, r-release-linux-x86_64, r-release-macos-arm64, r-release-macos-x86_64, r-release-windows-x86_64, r-oldrel-macos-arm64, r-oldrel-macos-x86_64, r-oldrel-windows-ix86+x86_64