Last updated on 2022-08-15 08:50:04 CEST.
Flavor | Version | Tinstall | Tcheck | Ttotal | Status | Flags |
---|---|---|---|---|---|---|
r-devel-linux-x86_64-debian-clang | 0.0.9 | 21.24 | 454.58 | 475.82 | OK | |
r-devel-linux-x86_64-debian-gcc | 0.0.9 | 15.91 | 333.80 | 349.71 | OK | |
r-devel-linux-x86_64-fedora-clang | 0.0.9 | 554.03 | NOTE | |||
r-devel-linux-x86_64-fedora-gcc | 0.0.9 | 588.53 | NOTE | |||
r-devel-windows-x86_64 | 0.0.9 | 241.00 | 476.00 | 717.00 | OK | |
r-patched-linux-x86_64 | 0.0.9 | 23.12 | 409.71 | 432.83 | OK | |
r-release-linux-x86_64 | 0.0.9 | 16.14 | 419.93 | 436.07 | OK | |
r-release-macos-arm64 | 0.0.9 | 109.00 | NOTE | |||
r-release-macos-x86_64 | 0.0.9 | 160.00 | NOTE | |||
r-release-windows-x86_64 | 0.0.9 | 246.00 | 457.00 | 703.00 | OK | |
r-oldrel-macos-arm64 | 0.0.9 | 108.00 | NOTE | |||
r-oldrel-macos-x86_64 | 0.0.9 | 160.00 | NOTE | |||
r-oldrel-windows-ix86+x86_64 | 0.0.9 | 45.00 | 516.00 | 561.00 | OK |
Version: 0.0.9
Check: data for non-ASCII characters
Result: NOTE
Note: found 93457 marked UTF-8 strings
Flavors: r-devel-linux-x86_64-fedora-clang, r-devel-linux-x86_64-fedora-gcc, r-release-macos-arm64, r-release-macos-x86_64, r-oldrel-macos-arm64, r-oldrel-macos-x86_64