Last updated on 2022-08-15 08:50:04 CEST.
Flavor | Version | Tinstall | Tcheck | Ttotal | Status | Flags |
---|---|---|---|---|---|---|
r-devel-linux-x86_64-debian-clang | 1.14.1 | 76.70 | 103.87 | 180.57 | NOTE | |
r-devel-linux-x86_64-debian-gcc | 1.14.1 | 55.12 | 77.18 | 132.30 | NOTE | |
r-devel-linux-x86_64-fedora-clang | 1.14.1 | 245.16 | NOTE | |||
r-devel-linux-x86_64-fedora-gcc | 1.14.1 | 161.28 | NOTE | |||
r-devel-windows-x86_64 | 1.14.1 | 109.00 | 168.00 | 277.00 | NOTE | |
r-patched-linux-x86_64 | 1.14.1 | 70.12 | 96.15 | 166.27 | NOTE | |
r-release-linux-x86_64 | 1.14.1 | 60.28 | 96.92 | 157.20 | NOTE | |
r-release-macos-arm64 | 1.14.1 | 60.00 | NOTE | |||
r-release-macos-x86_64 | 1.14.1 | 85.00 | NOTE | |||
r-release-windows-x86_64 | 1.14.1 | 89.00 | 168.00 | 257.00 | NOTE | |
r-oldrel-macos-arm64 | 1.14.1 | 123.00 | NOTE | |||
r-oldrel-macos-x86_64 | 1.14.1 | 136.00 | NOTE | |||
r-oldrel-windows-ix86+x86_64 | 1.14.1 | 163.00 | 159.00 | 322.00 | NOTE |
Version: 1.14.1
Check: package dependencies
Result: NOTE
Package suggested but not available for checking: 'ProFit'
Flavors: r-devel-linux-x86_64-debian-clang, r-devel-linux-x86_64-debian-gcc, r-devel-linux-x86_64-fedora-clang, r-devel-linux-x86_64-fedora-gcc, r-patched-linux-x86_64, r-release-linux-x86_64
Version: 1.14.1
Check: installed package size
Result: NOTE
installed size is 5.1Mb
sub-directories of 1Mb or more:
data 1.7Mb
extdata 1.2Mb
libs 1.2Mb
Flavors: r-devel-windows-x86_64, r-release-macos-arm64, r-release-macos-x86_64, r-release-windows-x86_64, r-oldrel-macos-arm64, r-oldrel-macos-x86_64, r-oldrel-windows-ix86+x86_64
Version: 1.14.1
Check: package dependencies
Result: NOTE
Package suggested but not available for checking: ‘EBImage’
Flavors: r-release-macos-arm64, r-oldrel-macos-arm64