Last updated on 2022-08-15 08:50:04 CEST.
Flavor | Version | Tinstall | Tcheck | Ttotal | Status | Flags |
---|---|---|---|---|---|---|
r-devel-linux-x86_64-debian-clang | 0.10.2 | 7.16 | 70.58 | 77.74 | OK | |
r-devel-linux-x86_64-debian-gcc | 0.10.2 | 5.27 | 52.47 | 57.74 | OK | |
r-devel-linux-x86_64-fedora-clang | 0.10.2 | 101.38 | OK | |||
r-devel-linux-x86_64-fedora-gcc | 0.10.2 | 103.02 | OK | |||
r-devel-windows-x86_64 | 0.10.2 | 200.00 | 138.00 | 338.00 | OK | |
r-patched-linux-x86_64 | 0.10.2 | 7.08 | 65.70 | 72.78 | OK | |
r-release-linux-x86_64 | 0.10.2 | 6.60 | 65.25 | 71.85 | OK | |
r-release-macos-arm64 | 0.10.2 | 44.00 | OK | |||
r-release-macos-x86_64 | 0.10.2 | 60.00 | OK | |||
r-release-windows-x86_64 | 0.10.2 | 135.00 | 134.00 | 269.00 | OK | |
r-oldrel-macos-arm64 | 0.10.2 | 45.00 | NOTE | |||
r-oldrel-macos-x86_64 | 0.10.2 | 65.00 | OK | |||
r-oldrel-windows-ix86+x86_64 | 0.10.2 | 15.00 | 129.00 | 144.00 | OK |
Version: 0.10.2
Check: package dependencies
Result: NOTE
Package suggested but not available for checking: ‘RODBC’
Flavor: r-oldrel-macos-arm64