Last updated on 2022-08-15 08:50:04 CEST.
Flavor | Version | Tinstall | Tcheck | Ttotal | Status | Flags |
---|---|---|---|---|---|---|
r-devel-linux-x86_64-debian-clang | 0.16.12 | 14.39 | 104.79 | 119.18 | OK | |
r-devel-linux-x86_64-debian-gcc | 0.16.12 | 12.14 | 77.98 | 90.12 | OK | |
r-devel-linux-x86_64-fedora-clang | 0.16.12 | 150.89 | NOTE | |||
r-devel-linux-x86_64-fedora-gcc | 0.16.12 | 155.40 | NOTE | |||
r-devel-windows-x86_64 | 0.16.12 | 23.00 | 118.00 | 141.00 | OK | |
r-patched-linux-x86_64 | 0.16.12 | 13.56 | 96.23 | 109.79 | OK | |
r-release-linux-x86_64 | 0.16.12 | 13.22 | 96.21 | 109.43 | OK | |
r-release-macos-arm64 | 0.16.12 | 46.00 | NOTE | |||
r-release-macos-x86_64 | 0.16.12 | 68.00 | NOTE | |||
r-release-windows-x86_64 | 0.16.12 | 26.00 | 121.00 | 147.00 | OK | |
r-oldrel-macos-arm64 | 0.16.12 | 42.00 | NOTE | |||
r-oldrel-macos-x86_64 | 0.16.12 | 65.00 | NOTE | |||
r-oldrel-windows-ix86+x86_64 | 0.16.12 | 31.00 | 116.00 | 147.00 | OK |
Version: 0.16.12
Check: data for non-ASCII characters
Result: NOTE
Note: found 1 marked UTF-8 string
Flavors: r-devel-linux-x86_64-fedora-clang, r-devel-linux-x86_64-fedora-gcc, r-release-macos-arm64, r-release-macos-x86_64, r-oldrel-macos-arm64, r-oldrel-macos-x86_64