Last updated on 2022-08-15 08:50:05 CEST.
Flavor | Version | Tinstall | Tcheck | Ttotal | Status | Flags |
---|---|---|---|---|---|---|
r-devel-linux-x86_64-debian-clang | 1.0.0 | 2.11 | 23.16 | 25.27 | NOTE | |
r-devel-linux-x86_64-debian-gcc | 1.0.0 | 1.72 | 18.54 | 20.26 | NOTE | |
r-devel-linux-x86_64-fedora-clang | 1.0.0 | 42.37 | NOTE | |||
r-devel-linux-x86_64-fedora-gcc | 1.0.0 | 42.83 | NOTE | |||
r-devel-windows-x86_64 | 1.0.0 | 4.00 | 51.00 | 55.00 | NOTE | |
r-patched-linux-x86_64 | 1.0.0 | 2.21 | 23.11 | 25.32 | NOTE | |
r-release-linux-x86_64 | 1.0.0 | 2.06 | 22.74 | 24.80 | NOTE | |
r-release-macos-arm64 | 1.0.0 | 16.00 | NOTE | |||
r-release-macos-x86_64 | 1.0.0 | 22.00 | NOTE | |||
r-release-windows-x86_64 | 1.0.0 | 12.00 | 50.00 | 62.00 | NOTE | |
r-oldrel-macos-arm64 | 1.0.0 | 28.00 | NOTE | |||
r-oldrel-macos-x86_64 | 1.0.0 | 23.00 | NOTE | |||
r-oldrel-windows-ix86+x86_64 | 1.0.0 | 7.00 | 46.00 | 53.00 | NOTE |
Version: 1.0.0
Check: LazyData
Result: NOTE
'LazyData' is specified without a 'data' directory
Flavors: r-devel-linux-x86_64-debian-clang, r-devel-linux-x86_64-debian-gcc, r-devel-linux-x86_64-fedora-clang, r-devel-linux-x86_64-fedora-gcc, r-devel-windows-x86_64, r-patched-linux-x86_64, r-release-linux-x86_64, r-release-macos-arm64, r-release-macos-x86_64, r-release-windows-x86_64, r-oldrel-macos-arm64, r-oldrel-macos-x86_64, r-oldrel-windows-ix86+x86_64