Last updated on 2022-08-15 08:50:05 CEST.
Flavor | Version | Tinstall | Tcheck | Ttotal | Status | Flags |
---|---|---|---|---|---|---|
r-devel-linux-x86_64-debian-clang | 0.0.4 | 8.28 | 164.44 | 172.72 | OK | |
r-devel-linux-x86_64-debian-gcc | 0.0.4 | 6.06 | 115.82 | 121.88 | OK | |
r-devel-linux-x86_64-fedora-clang | 0.0.4 | 202.56 | NOTE | |||
r-devel-linux-x86_64-fedora-gcc | 0.0.4 | 214.77 | NOTE | |||
r-devel-windows-x86_64 | 0.0.4 | 41.00 | 183.00 | 224.00 | OK | |
r-patched-linux-x86_64 | 0.0.4 | 8.27 | 152.69 | 160.96 | OK | |
r-release-linux-x86_64 | 0.0.4 | 6.89 | 152.69 | 159.58 | OK | |
r-release-macos-arm64 | 0.0.4 | 52.00 | NOTE | |||
r-release-macos-x86_64 | 0.0.4 | 99.00 | NOTE | |||
r-release-windows-x86_64 | 0.0.4 | 43.00 | 184.00 | 227.00 | OK | |
r-oldrel-macos-arm64 | 0.0.4 | 59.00 | NOTE | |||
r-oldrel-macos-x86_64 | 0.0.4 | 72.00 | NOTE | |||
r-oldrel-windows-ix86+x86_64 | 0.0.4 | 19.00 | 186.00 | 205.00 | OK |
Version: 0.0.4
Check: dependencies in R code
Result: NOTE
Namespaces in Imports field not imported from:
‘data.table’ ‘itsadug’ ‘lazyeval’ ‘mgcv’
All declared Imports should be used.
Flavors: r-devel-linux-x86_64-fedora-clang, r-devel-linux-x86_64-fedora-gcc, r-release-macos-arm64, r-release-macos-x86_64, r-oldrel-macos-arm64, r-oldrel-macos-x86_64