Last updated on 2022-08-15 08:50:05 CEST.
Flavor | Version | Tinstall | Tcheck | Ttotal | Status | Flags |
---|---|---|---|---|---|---|
r-devel-linux-x86_64-debian-clang | 2.3.6 | 19.71 | 156.55 | 176.26 | NOTE | |
r-devel-linux-x86_64-debian-gcc | 2.3.6 | 17.82 | 116.92 | 134.74 | NOTE | |
r-devel-linux-x86_64-fedora-clang | 2.3.6 | 230.28 | NOTE | |||
r-devel-linux-x86_64-fedora-gcc | 2.3.6 | 244.13 | NOTE | |||
r-devel-windows-x86_64 | 2.3.6 | 46.00 | 257.00 | 303.00 | NOTE | |
r-patched-linux-x86_64 | 2.3.6 | 17.45 | 159.07 | 176.52 | OK | |
r-release-linux-x86_64 | 2.3.6 | 21.26 | 158.30 | 179.56 | OK | |
r-release-macos-arm64 | 2.3.6 | 86.00 | OK | |||
r-release-macos-x86_64 | 2.3.6 | 112.00 | OK | |||
r-release-windows-x86_64 | 2.3.6 | 55.00 | 261.00 | 316.00 | OK | |
r-oldrel-macos-arm64 | 2.3.6 | 86.00 | OK | |||
r-oldrel-macos-x86_64 | 2.3.6 | 116.00 | OK | |||
r-oldrel-windows-ix86+x86_64 | 2.3.6 | 52.00 | 323.00 | 375.00 | OK |
Version: 2.3.6
Check: Rd files
Result: NOTE
checkRd: (-1) Ch0C-plot.cpd.PwrGSD.Rd:40: Escaped LaTeX specials: \&
Flavors: r-devel-linux-x86_64-debian-clang, r-devel-linux-x86_64-debian-gcc, r-devel-linux-x86_64-fedora-clang, r-devel-linux-x86_64-fedora-gcc, r-devel-windows-x86_64