Last updated on 2022-08-15 08:50:05 CEST.
Flavor | Version | Tinstall | Tcheck | Ttotal | Status | Flags |
---|---|---|---|---|---|---|
r-devel-linux-x86_64-debian-clang | 3.16 | 48.36 | 90.24 | 138.60 | OK | |
r-devel-linux-x86_64-debian-gcc | 3.16 | 41.72 | 67.61 | 109.33 | OK | |
r-devel-linux-x86_64-fedora-clang | 3.16 | 177.39 | NOTE | |||
r-devel-linux-x86_64-fedora-gcc | 3.16 | 191.42 | OK | |||
r-devel-windows-x86_64 | 3.16 | 137.00 | 119.00 | 256.00 | NOTE | |
r-patched-linux-x86_64 | 3.16 | 44.07 | 85.53 | 129.60 | OK | |
r-release-linux-x86_64 | 3.16 | 45.48 | 87.14 | 132.62 | OK | |
r-release-macos-arm64 | 3.16 | 42.00 | NOTE | |||
r-release-macos-x86_64 | 3.16 | 85.00 | NOTE | |||
r-release-windows-x86_64 | 3.16 | 147.00 | 120.00 | 267.00 | NOTE | |
r-oldrel-macos-arm64 | 3.16 | 42.00 | NOTE | |||
r-oldrel-macos-x86_64 | 3.16 | 77.00 | NOTE | |||
r-oldrel-windows-ix86+x86_64 | 3.16 | 196.00 | 140.00 | 336.00 | NOTE |
Version: 3.16
Check: installed package size
Result: NOTE
installed size is 6.5Mb
sub-directories of 1Mb or more:
gui 1.7Mb
staticdocs 3.3Mb
Flavors: r-devel-linux-x86_64-fedora-clang, r-devel-windows-x86_64, r-release-macos-arm64, r-release-macos-x86_64, r-release-windows-x86_64, r-oldrel-macos-arm64, r-oldrel-macos-x86_64, r-oldrel-windows-ix86+x86_64