Last updated on 2022-08-15 08:50:05 CEST.
Flavor | Version | Tinstall | Tcheck | Ttotal | Status | Flags |
---|---|---|---|---|---|---|
r-devel-linux-x86_64-debian-clang | 0.1.0 | 7.88 | 226.52 | 234.40 | OK | |
r-devel-linux-x86_64-debian-gcc | 0.1.0 | 7.15 | 158.88 | 166.03 | OK | |
r-devel-linux-x86_64-fedora-clang | 0.1.0 | 276.37 | NOTE | |||
r-devel-linux-x86_64-fedora-gcc | 0.1.0 | 290.44 | NOTE | |||
r-devel-windows-x86_64 | 0.1.0 | 24.00 | 244.00 | 268.00 | OK | |
r-patched-linux-x86_64 | 0.1.0 | 11.37 | 212.41 | 223.78 | OK | |
r-release-linux-x86_64 | 0.1.0 | 6.73 | 211.95 | 218.68 | OK | |
r-release-macos-arm64 | 0.1.0 | 56.00 | NOTE | |||
r-release-macos-x86_64 | 0.1.0 | 106.00 | NOTE | |||
r-release-windows-x86_64 | 0.1.0 | 23.00 | 258.00 | 281.00 | OK | |
r-oldrel-macos-arm64 | 0.1.0 | 60.00 | NOTE | |||
r-oldrel-macos-x86_64 | 0.1.0 | 76.00 | NOTE | |||
r-oldrel-windows-ix86+x86_64 | 0.1.0 | 22.00 | 259.00 | 281.00 | OK |
Version: 0.1.0
Check: dependencies in R code
Result: NOTE
Namespace in Imports field not imported from: ‘data.table’
All declared Imports should be used.
Flavors: r-devel-linux-x86_64-fedora-clang, r-devel-linux-x86_64-fedora-gcc, r-release-macos-arm64, r-release-macos-x86_64, r-oldrel-macos-arm64, r-oldrel-macos-x86_64