Last updated on 2022-08-15 08:50:05 CEST.
Flavor | Version | Tinstall | Tcheck | Ttotal | Status | Flags |
---|---|---|---|---|---|---|
r-devel-linux-x86_64-debian-clang | 0.0.1 | 7.31 | 63.42 | 70.73 | NOTE | |
r-devel-linux-x86_64-debian-gcc | 0.0.1 | 4.57 | 47.22 | 51.79 | NOTE | |
r-devel-linux-x86_64-fedora-clang | 0.0.1 | 93.01 | NOTE | |||
r-devel-linux-x86_64-fedora-gcc | 0.0.1 | 95.14 | NOTE | |||
r-devel-windows-x86_64 | 0.0.1 | 55.00 | 89.00 | 144.00 | NOTE | |
r-patched-linux-x86_64 | 0.0.1 | 7.43 | 56.77 | 64.20 | NOTE | |
r-release-linux-x86_64 | 0.0.1 | 5.61 | 56.76 | 62.37 | NOTE | |
r-release-macos-arm64 | 0.0.1 | 29.00 | NOTE | |||
r-release-macos-x86_64 | 0.0.1 | 49.00 | NOTE | |||
r-release-windows-x86_64 | 0.0.1 | 64.00 | 91.00 | 155.00 | NOTE | |
r-oldrel-macos-arm64 | 0.0.1 | 32.00 | NOTE | |||
r-oldrel-macos-x86_64 | 0.0.1 | 39.00 | NOTE | |||
r-oldrel-windows-ix86+x86_64 | 0.0.1 | 17.00 | 86.00 | 103.00 | NOTE |
Version: 0.0.1
Check: LazyData
Result: NOTE
'LazyData' is specified without a 'data' directory
Flavors: r-devel-linux-x86_64-debian-clang, r-devel-linux-x86_64-debian-gcc, r-devel-linux-x86_64-fedora-clang, r-devel-linux-x86_64-fedora-gcc, r-devel-windows-x86_64, r-patched-linux-x86_64, r-release-linux-x86_64, r-release-macos-arm64, r-release-macos-x86_64, r-release-windows-x86_64, r-oldrel-macos-arm64, r-oldrel-macos-x86_64, r-oldrel-windows-ix86+x86_64