Last updated on 2022-08-15 08:50:05 CEST.
Flavor | Version | Tinstall | Tcheck | Ttotal | Status | Flags |
---|---|---|---|---|---|---|
r-devel-linux-x86_64-debian-clang | 0.1.1 | 7.50 | 119.88 | 127.38 | NOTE | |
r-devel-linux-x86_64-debian-gcc | 0.1.1 | 8.73 | 89.97 | 98.70 | NOTE | |
r-devel-linux-x86_64-fedora-clang | 0.1.1 | 169.34 | NOTE | |||
r-devel-linux-x86_64-fedora-gcc | 0.1.1 | 173.61 | NOTE | |||
r-devel-windows-x86_64 | 0.1.1 | 14.00 | 136.00 | 150.00 | NOTE | |
r-patched-linux-x86_64 | 0.1.1 | 9.81 | 112.23 | 122.04 | NOTE | |
r-release-linux-x86_64 | 0.1.1 | 8.99 | 114.26 | 123.25 | NOTE | |
r-release-macos-arm64 | 0.1.1 | 63.00 | NOTE | |||
r-release-macos-x86_64 | 0.1.1 | 65.00 | NOTE | |||
r-release-windows-x86_64 | 0.1.1 | 15.00 | 143.00 | 158.00 | NOTE | |
r-oldrel-macos-arm64 | 0.1.1 | 51.00 | NOTE | |||
r-oldrel-macos-x86_64 | 0.1.1 | 97.00 | NOTE | |||
r-oldrel-windows-ix86+x86_64 | 0.1.1 | 20.00 | 148.00 | 168.00 | NOTE |
Version: 0.1.1
Check: LazyData
Result: NOTE
'LazyData' is specified without a 'data' directory
Flavors: r-devel-linux-x86_64-debian-clang, r-devel-linux-x86_64-debian-gcc, r-devel-linux-x86_64-fedora-clang, r-devel-linux-x86_64-fedora-gcc, r-devel-windows-x86_64, r-patched-linux-x86_64, r-release-linux-x86_64, r-release-macos-arm64, r-release-macos-x86_64, r-release-windows-x86_64, r-oldrel-macos-arm64, r-oldrel-macos-x86_64, r-oldrel-windows-ix86+x86_64
Version: 0.1.1
Check: dependencies in R code
Result: NOTE
Namespace in Imports field not imported from: ‘MatrixModels’
All declared Imports should be used.
Flavors: r-devel-linux-x86_64-fedora-clang, r-devel-linux-x86_64-fedora-gcc, r-release-macos-arm64, r-release-macos-x86_64, r-oldrel-macos-arm64, r-oldrel-macos-x86_64