Last updated on 2022-08-15 08:50:05 CEST.
Flavor | Version | Tinstall | Tcheck | Ttotal | Status | Flags |
---|---|---|---|---|---|---|
r-devel-linux-x86_64-debian-clang | 1.1.17 | 65.66 | 43.46 | 109.12 | OK | |
r-devel-linux-x86_64-debian-gcc | 1.1.17 | 47.31 | 35.98 | 83.29 | OK | |
r-devel-linux-x86_64-fedora-clang | 1.1.17 | 145.61 | OK | |||
r-devel-linux-x86_64-fedora-gcc | 1.1.17 | 152.68 | OK | |||
r-devel-windows-x86_64 | 1.1.17 | 54.00 | 92.00 | 146.00 | OK | |
r-patched-linux-x86_64 | 1.1.17 | 55.23 | 45.01 | 100.24 | OK | |
r-release-linux-x86_64 | 1.1.17 | 47.54 | 44.40 | 91.94 | OK | |
r-release-macos-arm64 | 1.1.17 | 42.00 | NOTE | |||
r-release-macos-x86_64 | 1.1.17 | 56.00 | NOTE | |||
r-release-windows-x86_64 | 1.1.17 | 57.00 | 96.00 | 153.00 | OK | |
r-oldrel-macos-arm64 | 1.1.17 | 42.00 | NOTE | |||
r-oldrel-macos-x86_64 | 1.1.17 | 53.00 | NOTE | |||
r-oldrel-windows-ix86+x86_64 | 1.1.17 | 133.00 | 101.00 | 234.00 | OK |
Version: 1.1.17
Check: installed package size
Result: NOTE
installed size is 14.2Mb
sub-directories of 1Mb or more:
libs 13.5Mb
Flavors: r-release-macos-arm64, r-release-macos-x86_64, r-oldrel-macos-arm64, r-oldrel-macos-x86_64