Last updated on 2022-08-15 08:50:05 CEST.
Flavor | Version | Tinstall | Tcheck | Ttotal | Status | Flags |
---|---|---|---|---|---|---|
r-devel-linux-x86_64-debian-clang | 0.1.3 | 9.28 | 122.97 | 132.25 | OK | |
r-devel-linux-x86_64-debian-gcc | 0.1.3 | 7.30 | 87.82 | 95.12 | OK | |
r-devel-linux-x86_64-fedora-clang | 0.1.3 | 160.80 | NOTE | |||
r-devel-linux-x86_64-fedora-gcc | 0.1.3 | 171.29 | NOTE | |||
r-devel-windows-x86_64 | 0.1.3 | 26.00 | 139.00 | 165.00 | OK | |
r-patched-linux-x86_64 | 0.1.3 | 14.60 | 112.19 | 126.79 | OK | |
r-release-linux-x86_64 | 0.1.3 | 9.14 | 109.42 | 118.56 | OK | |
r-release-macos-arm64 | 0.1.3 | 35.00 | NOTE | |||
r-release-macos-x86_64 | 0.1.3 | 80.00 | NOTE | |||
r-release-windows-x86_64 | 0.1.3 | 30.00 | 142.00 | 172.00 | OK | |
r-oldrel-macos-arm64 | 0.1.3 | 45.00 | NOTE | |||
r-oldrel-macos-x86_64 | 0.1.3 | 72.00 | NOTE | |||
r-oldrel-windows-ix86+x86_64 | 0.1.3 | 24.00 | 142.00 | 166.00 | OK |
Version: 0.1.3
Check: dependencies in R code
Result: NOTE
Namespace in Imports field not imported from: ‘testthat’
All declared Imports should be used.
Flavors: r-devel-linux-x86_64-fedora-clang, r-devel-linux-x86_64-fedora-gcc, r-release-macos-arm64, r-release-macos-x86_64, r-oldrel-macos-arm64, r-oldrel-macos-x86_64