Last updated on 2022-08-15 08:50:05 CEST.
Flavor | Version | Tinstall | Tcheck | Ttotal | Status | Flags |
---|---|---|---|---|---|---|
r-devel-linux-x86_64-debian-clang | 0.4 | 6.20 | 56.72 | 62.92 | NOTE | |
r-devel-linux-x86_64-debian-gcc | 0.4 | 5.30 | 44.02 | 49.32 | NOTE | |
r-devel-linux-x86_64-fedora-clang | 0.4 | 87.42 | NOTE | |||
r-devel-linux-x86_64-fedora-gcc | 0.4 | 92.17 | NOTE | |||
r-devel-windows-x86_64 | 0.4 | 21.00 | 80.00 | 101.00 | OK | |
r-patched-linux-x86_64 | 0.4 | 7.12 | 53.94 | 61.06 | NOTE | |
r-release-linux-x86_64 | 0.4 | 6.86 | 54.35 | 61.21 | NOTE | |
r-release-macos-arm64 | 0.4 | 25.00 | OK | |||
r-release-macos-x86_64 | 0.4 | 34.00 | OK | |||
r-release-windows-x86_64 | 0.4 | 20.00 | 79.00 | 99.00 | OK | |
r-oldrel-macos-arm64 | 0.4 | 29.00 | OK | |||
r-oldrel-macos-x86_64 | 0.4 | 43.00 | OK | |||
r-oldrel-windows-ix86+x86_64 | 0.4 | 12.00 | 78.00 | 90.00 | OK |
Version: 0.4
Check: for non-standard things in the check directory
Result: NOTE
Found the following files/directories:
'blcs.dot' 'ex1.dot' 'ex1bridge1.dot' 'ex1bridge2.dot'
'ex1bridge3.dot' 'ex1effect1.dot' 'ex1effect2.dot' 'gcmlinear.dot'
'latent.dot' 'lcs.dot' 'mimic.dot'
Flavors: r-devel-linux-x86_64-debian-clang, r-devel-linux-x86_64-debian-gcc, r-patched-linux-x86_64, r-release-linux-x86_64
Version: 0.4
Check: for non-standard things in the check directory
Result: NOTE
Found the following files/directories:
‘blcs.dot’ ‘blcs.pdf’ ‘ex1.dot’ ‘ex1.pdf’ ‘ex1bridge1.dot’
‘ex1bridge1.pdf’ ‘ex1bridge2.dot’ ‘ex1bridge2.pdf’ ‘ex1bridge3.dot’
‘ex1bridge3.pdf’ ‘ex1effect1.dot’ ‘ex1effect1.pdf’ ‘ex1effect2.dot’
‘ex1effect2.pdf’ ‘gcmlinear.dot’ ‘gcmlinear.pdf’ ‘latent.dot’
‘latent.pdf’ ‘lcs.dot’ ‘lcs.pdf’ ‘mimic.dot’ ‘mimic.pdf’
Flavors: r-devel-linux-x86_64-fedora-clang, r-devel-linux-x86_64-fedora-gcc