Last updated on 2022-08-15 08:50:05 CEST.
Flavor | Version | Tinstall | Tcheck | Ttotal | Status | Flags |
---|---|---|---|---|---|---|
r-devel-linux-x86_64-debian-clang | 0.1.1 | 2.70 | 21.67 | 24.37 | OK | |
r-devel-linux-x86_64-debian-gcc | 0.1.1 | 1.99 | 17.28 | 19.27 | OK | |
r-devel-linux-x86_64-fedora-clang | 0.1.1 | 40.99 | OK | |||
r-devel-linux-x86_64-fedora-gcc | 0.1.1 | 40.82 | OK | |||
r-devel-windows-x86_64 | 0.1.1 | 13.00 | 43.00 | 56.00 | OK | |
r-patched-linux-x86_64 | 0.1.1 | 2.34 | 21.54 | 23.88 | OK | |
r-release-linux-x86_64 | 0.1.1 | 2.52 | 21.43 | 23.95 | OK | |
r-release-macos-arm64 | 0.1.1 | 17.00 | OK | |||
r-release-macos-x86_64 | 0.1.1 | 28.00 | OK | |||
r-release-windows-x86_64 | 0.1.1 | 33.00 | 41.00 | 74.00 | OK | |
r-oldrel-macos-arm64 | 0.1.1 | 18.00 | OK | |||
r-oldrel-macos-x86_64 | 0.1.1 | 25.00 | OK | |||
r-oldrel-windows-ix86+x86_64 | 0.1.1 | 4.00 | 4.00 | 8.00 | ERROR |
Version: 0.1.1
Check: whether package can be installed
Result: ERROR
Installation failed.
Flavor: r-oldrel-windows-ix86+x86_64