Last updated on 2022-08-15 08:50:05 CEST.
Flavor | Version | Tinstall | Tcheck | Ttotal | Status | Flags |
---|---|---|---|---|---|---|
r-devel-linux-x86_64-debian-clang | 1.1.0 | 4.81 | 45.63 | 50.44 | NOTE | |
r-devel-linux-x86_64-debian-gcc | 1.1.0 | 4.47 | 35.25 | 39.72 | NOTE | |
r-devel-linux-x86_64-fedora-clang | 1.1.0 | 72.34 | NOTE | |||
r-devel-linux-x86_64-fedora-gcc | 1.1.0 | 72.14 | NOTE | |||
r-devel-windows-x86_64 | 1.1.0 | 26.00 | 71.00 | 97.00 | NOTE | |
r-patched-linux-x86_64 | 1.1.0 | 5.49 | 42.31 | 47.80 | NOTE | |
r-release-linux-x86_64 | 1.1.0 | 5.60 | 42.33 | 47.93 | NOTE | |
r-release-macos-arm64 | 1.1.0 | 25.00 | NOTE | |||
r-release-macos-x86_64 | 1.1.0 | 43.00 | NOTE | |||
r-release-windows-x86_64 | 1.1.0 | 29.00 | 72.00 | 101.00 | NOTE | |
r-oldrel-macos-arm64 | 1.1.0 | 26.00 | NOTE | |||
r-oldrel-macos-x86_64 | 1.1.0 | 39.00 | NOTE | |||
r-oldrel-windows-ix86+x86_64 | 1.1.0 | 12.00 | 61.00 | 73.00 | NOTE |
Version: 1.1.0
Check: LazyData
Result: NOTE
'LazyData' is specified without a 'data' directory
Flavors: r-devel-linux-x86_64-debian-clang, r-devel-linux-x86_64-debian-gcc, r-devel-linux-x86_64-fedora-clang, r-devel-linux-x86_64-fedora-gcc, r-devel-windows-x86_64, r-patched-linux-x86_64, r-release-linux-x86_64, r-release-macos-arm64, r-release-macos-x86_64, r-release-windows-x86_64, r-oldrel-macos-arm64, r-oldrel-macos-x86_64, r-oldrel-windows-ix86+x86_64