Last updated on 2022-08-15 08:50:05 CEST.
Flavor | Version | Tinstall | Tcheck | Ttotal | Status | Flags |
---|---|---|---|---|---|---|
r-devel-linux-x86_64-debian-clang | 0.3.2 | 3.22 | 3.52 | 6.74 | ERROR | |
r-devel-linux-x86_64-debian-gcc | 0.3.3 | 16.13 | 38.31 | 54.44 | OK | |
r-devel-linux-x86_64-fedora-clang | 0.3.3 | 115.14 | OK | |||
r-devel-linux-x86_64-fedora-gcc | 0.3.3 | 99.57 | OK | |||
r-devel-windows-x86_64 | 0.3.3 | 75.00 | 91.00 | 166.00 | OK | |
r-patched-linux-x86_64 | 0.3.3 | 17.76 | 48.76 | 66.52 | OK | |
r-release-linux-x86_64 | 0.3.3 | 16.92 | 49.37 | 66.29 | OK | |
r-release-macos-arm64 | 0.3.3 | 28.00 | OK | |||
r-release-macos-x86_64 | 0.3.3 | 45.00 | OK | |||
r-release-windows-x86_64 | 0.3.3 | 43.00 | 92.00 | 135.00 | OK | |
r-oldrel-macos-arm64 | 0.3.3 | 32.00 | OK | |||
r-oldrel-macos-x86_64 | 0.3.3 | 49.00 | OK | |||
r-oldrel-windows-ix86+x86_64 | 0.3.3 | 58.00 | 106.00 | 164.00 | OK |
Version: 0.3.2
Check: whether package can be installed
Result: ERROR
Installation failed.
Flavor: r-devel-linux-x86_64-debian-clang