Last updated on 2022-08-15 08:50:05 CEST.
Flavor | Version | Tinstall | Tcheck | Ttotal | Status | Flags |
---|---|---|---|---|---|---|
r-devel-linux-x86_64-debian-clang | 0.2.1 | 3.17 | 414.22 | 417.39 | NOTE | |
r-devel-linux-x86_64-debian-gcc | 0.2.1 | 1.87 | 430.88 | 432.75 | NOTE | |
r-devel-linux-x86_64-fedora-clang | 0.2.1 | 517.80 | NOTE | |||
r-devel-linux-x86_64-fedora-gcc | 0.2.1 | 597.82 | NOTE | |||
r-devel-windows-x86_64 | 0.2.1 | 10.00 | 600.00 | 610.00 | NOTE | |
r-patched-linux-x86_64 | 0.2.1 | 2.92 | 399.43 | 402.35 | NOTE | |
r-release-linux-x86_64 | 0.2.1 | 2.31 | 397.28 | 399.59 | NOTE | |
r-release-macos-arm64 | 0.2.1 | 67.00 | NOTE | |||
r-release-macos-x86_64 | 0.2.1 | 78.00 | NOTE | |||
r-release-windows-x86_64 | 0.2.1 | 4.00 | 606.00 | 610.00 | NOTE | |
r-oldrel-macos-arm64 | 0.2.1 | 64.00 | NOTE | |||
r-oldrel-macos-x86_64 | 0.2.1 | 72.00 | NOTE | |||
r-oldrel-windows-ix86+x86_64 | 0.2.1 | 6.00 | 487.00 | 493.00 | NOTE |
Version: 0.2.1
Check: LazyData
Result: NOTE
'LazyData' is specified without a 'data' directory
Flavors: r-devel-linux-x86_64-debian-clang, r-devel-linux-x86_64-debian-gcc, r-devel-linux-x86_64-fedora-clang, r-devel-linux-x86_64-fedora-gcc, r-devel-windows-x86_64, r-patched-linux-x86_64, r-release-linux-x86_64, r-release-macos-arm64, r-release-macos-x86_64, r-release-windows-x86_64, r-oldrel-macos-arm64, r-oldrel-macos-x86_64, r-oldrel-windows-ix86+x86_64