Last updated on 2022-08-15 08:50:05 CEST.
Flavor | Version | Tinstall | Tcheck | Ttotal | Status | Flags |
---|---|---|---|---|---|---|
r-devel-linux-x86_64-debian-clang | 1.1.1 | 2.77 | 27.27 | 30.04 | NOTE | |
r-devel-linux-x86_64-debian-gcc | 1.1.1 | 2.49 | 20.86 | 23.35 | NOTE | |
r-devel-linux-x86_64-fedora-clang | 1.1.1 | 48.20 | NOTE | |||
r-devel-linux-x86_64-fedora-gcc | 1.1.1 | 48.70 | NOTE | |||
r-devel-windows-x86_64 | 1.1.1 | 22.00 | 50.00 | 72.00 | OK | |
r-patched-linux-x86_64 | 1.1.1 | 2.89 | 24.58 | 27.47 | NOTE | |
r-release-linux-x86_64 | 1.1.1 | 2.18 | 24.70 | 26.88 | NOTE | |
r-release-macos-arm64 | 1.1.1 | 17.00 | OK | |||
r-release-macos-x86_64 | 1.1.1 | 22.00 | OK | |||
r-release-windows-x86_64 | 1.1.1 | 23.00 | 50.00 | 73.00 | OK | |
r-oldrel-macos-arm64 | 1.1.1 | 18.00 | OK | |||
r-oldrel-macos-x86_64 | 1.1.1 | 22.00 | OK | |||
r-oldrel-windows-ix86+x86_64 | 1.1.1 | 6.00 | 49.00 | 55.00 | OK |
Version: 1.1.1
Check: package dependencies
Result: NOTE
Package suggested but not available for checking: 'conics'
Flavors: r-devel-linux-x86_64-debian-clang, r-devel-linux-x86_64-debian-gcc, r-devel-linux-x86_64-fedora-clang, r-devel-linux-x86_64-fedora-gcc, r-patched-linux-x86_64, r-release-linux-x86_64