Last updated on 2022-08-15 08:50:06 CEST.
Flavor | Version | Tinstall | Tcheck | Ttotal | Status | Flags |
---|---|---|---|---|---|---|
r-devel-linux-x86_64-debian-clang | 1.0 | 8.49 | 84.03 | 92.52 | NOTE | |
r-devel-linux-x86_64-debian-gcc | 1.0 | 6.08 | 63.68 | 69.76 | NOTE | |
r-devel-linux-x86_64-fedora-clang | 1.0 | 122.11 | NOTE | |||
r-devel-linux-x86_64-fedora-gcc | 1.0 | 129.38 | NOTE | |||
r-devel-windows-x86_64 | 1.0 | 22.00 | 103.00 | 125.00 | OK | |
r-patched-linux-x86_64 | 1.0 | 8.79 | 80.76 | 89.55 | NOTE | |
r-release-linux-x86_64 | 1.0 | 8.24 | 80.98 | 89.22 | NOTE | |
r-release-macos-arm64 | 1.0 | 37.00 | OK | |||
r-release-macos-x86_64 | 1.0 | 50.00 | OK | |||
r-release-windows-x86_64 | 1.0 | 22.00 | 109.00 | 131.00 | OK | |
r-oldrel-macos-arm64 | 1.0 | 42.00 | OK | |||
r-oldrel-macos-x86_64 | 1.0 | 67.00 | OK | |||
r-oldrel-windows-ix86+x86_64 | 1.0 | 18.00 | 99.00 | 117.00 | OK |
Version: 1.0
Check: for non-standard things in the check directory
Result: NOTE
Found the following files/directories:
'P.csv' 'correct_alpha.csv' 'correct_beta.csv' 'correct_gamma.csv'
'correct_lambda.csv' 'correct_perm_list.csv' 'correct_psi.csv'
Flavors: r-devel-linux-x86_64-debian-clang, r-devel-linux-x86_64-debian-gcc, r-devel-linux-x86_64-fedora-clang, r-devel-linux-x86_64-fedora-gcc, r-patched-linux-x86_64, r-release-linux-x86_64