Last updated on 2022-08-15 08:50:06 CEST.
Flavor | Version | Tinstall | Tcheck | Ttotal | Status | Flags |
---|---|---|---|---|---|---|
r-devel-linux-x86_64-debian-clang | 0.1.6 | 4.25 | 42.93 | 47.18 | WARN | |
r-devel-linux-x86_64-debian-gcc | 0.1.6 | 3.24 | 33.65 | 36.89 | WARN | |
r-devel-linux-x86_64-fedora-clang | 0.1.6 | 67.91 | WARN | |||
r-devel-linux-x86_64-fedora-gcc | 0.1.6 | 68.39 | WARN | |||
r-devel-windows-x86_64 | 0.1.6 | 43.00 | 76.00 | 119.00 | WARN | |
r-patched-linux-x86_64 | 0.1.6 | 4.19 | 38.19 | 42.38 | OK | |
r-release-linux-x86_64 | 0.1.6 | 3.99 | 38.44 | 42.43 | OK | |
r-release-macos-arm64 | 0.1.6 | 22.00 | OK | |||
r-release-macos-x86_64 | 0.1.6 | 28.00 | OK | |||
r-release-windows-x86_64 | 0.1.6 | 80.00 | 68.00 | 148.00 | OK | |
r-oldrel-macos-arm64 | 0.1.6 | 27.00 | OK | |||
r-oldrel-macos-x86_64 | 0.1.6 | 35.00 | OK | |||
r-oldrel-windows-ix86+x86_64 | 0.1.6 | 10.00 | 54.00 | 64.00 | OK |
Version: 0.1.6
Check: PDF version of manual
Result: WARN
LaTeX errors when creating PDF version.
This typically indicates Rd problems.
LaTeX errors found:
! Extra }, or forgotten \endgroup.
l.3 \item param}
}
I've deleted a group-closing symbol because it seems to be
spurious, as in `$x}$'. But perhaps the } is legitimate and
! Extra }, or forgotten \endgroup.
l.3 \item param}}
I've deleted a group-closing symbol because it seems to be
spurious, as in `$x}$'. But perhaps the } is legitimate and
! Extra }, or forgotten \endgroup.
l.5 \item return}
}
I've deleted a group-closing symbol because it seems to be
spurious, as in `$x}$'. But perhaps the } is legitimate and
! Extra }, or forgotten \endgroup.
l.5 \item return}}
I've deleted a group-closing symbol because it seems to be
spurious, as in `$x}$'. But perhaps the } is legitimate and
Flavors: r-devel-linux-x86_64-debian-clang, r-devel-linux-x86_64-debian-gcc, r-devel-linux-x86_64-fedora-clang, r-devel-linux-x86_64-fedora-gcc, r-devel-windows-x86_64
Version: 0.1.6
Check: for non-standard things in the check directory
Result: NOTE
Found the following files/directories:
'RGoogleAnalytics-manual.tex'
Flavors: r-devel-linux-x86_64-debian-clang, r-devel-linux-x86_64-debian-gcc, r-devel-linux-x86_64-fedora-clang, r-devel-linux-x86_64-fedora-gcc