Last updated on 2022-08-15 08:50:06 CEST.
Flavor | Version | Tinstall | Tcheck | Ttotal | Status | Flags |
---|---|---|---|---|---|---|
r-devel-linux-x86_64-debian-clang | 0.1.1 | 3.08 | 35.14 | 38.22 | NOTE | |
r-devel-linux-x86_64-debian-gcc | 0.1.1 | 2.34 | 26.57 | 28.91 | NOTE | |
r-devel-linux-x86_64-fedora-clang | 0.1.1 | 56.98 | NOTE | |||
r-devel-linux-x86_64-fedora-gcc | 0.1.1 | 60.37 | NOTE | |||
r-devel-windows-x86_64 | 0.1.1 | 91.00 | 57.00 | 148.00 | NOTE | |
r-patched-linux-x86_64 | 0.1.1 | 3.75 | 34.53 | 38.28 | NOTE | |
r-release-linux-x86_64 | 0.1.1 | 2.75 | 34.40 | 37.15 | NOTE | |
r-release-macos-arm64 | 0.1.1 | 23.00 | NOTE | |||
r-release-macos-x86_64 | 0.1.1 | 28.00 | NOTE | |||
r-release-windows-x86_64 | 0.1.1 | 118.00 | 63.00 | 181.00 | NOTE | |
r-oldrel-macos-arm64 | 0.1.1 | 26.00 | NOTE | |||
r-oldrel-macos-x86_64 | 0.1.1 | 33.00 | NOTE | |||
r-oldrel-windows-ix86+x86_64 | 0.1.1 | 9.00 | 50.00 | 59.00 | NOTE |
Version: 0.1.1
Check: LazyData
Result: NOTE
'LazyData' is specified without a 'data' directory
Flavors: r-devel-linux-x86_64-debian-clang, r-devel-linux-x86_64-debian-gcc, r-devel-linux-x86_64-fedora-clang, r-devel-linux-x86_64-fedora-gcc, r-devel-windows-x86_64, r-patched-linux-x86_64, r-release-linux-x86_64, r-release-macos-arm64, r-release-macos-x86_64, r-release-windows-x86_64, r-oldrel-macos-arm64, r-oldrel-macos-x86_64, r-oldrel-windows-ix86+x86_64