Last updated on 2022-08-15 08:50:06 CEST.
Flavor | Version | Tinstall | Tcheck | Ttotal | Status | Flags |
---|---|---|---|---|---|---|
r-devel-linux-x86_64-debian-clang | 1.3 | 19.01 | 35.79 | 54.80 | OK | |
r-devel-linux-x86_64-debian-gcc | 1.3 | 15.30 | 27.62 | 42.92 | OK | |
r-devel-linux-x86_64-fedora-clang | 1.3 | 84.92 | NOTE | |||
r-devel-linux-x86_64-fedora-gcc | 1.3 | 81.48 | NOTE | |||
r-devel-windows-x86_64 | 1.3 | 22.00 | 87.00 | 109.00 | OK | |
r-patched-linux-x86_64 | 1.3 | 15.09 | 34.22 | 49.31 | OK | |
r-release-linux-x86_64 | 1.3 | 17.24 | 34.22 | 51.46 | OK | |
r-release-macos-arm64 | 1.3 | 22.00 | OK | |||
r-release-macos-x86_64 | 1.3 | 34.00 | OK | |||
r-release-windows-x86_64 | 1.3 | 18.00 | 89.00 | 107.00 | OK | |
r-oldrel-macos-arm64 | 1.3 | 26.00 | OK | |||
r-oldrel-macos-x86_64 | 1.3 | 47.00 | OK | |||
r-oldrel-windows-ix86+x86_64 | 1.3 | 48.00 | 86.00 | 134.00 | OK |
Version: 1.3
Check: compiled code
Result: NOTE
File ‘RI2by2/libs/RI2by2.so’:
Found no calls to: ‘R_registerRoutines’, ‘R_useDynamicSymbols’
It is good practice to register native routines and to disable symbol
search.
See ‘Writing portable packages’ in the ‘Writing R Extensions’ manual.
Flavors: r-devel-linux-x86_64-fedora-clang, r-devel-linux-x86_64-fedora-gcc