Last updated on 2022-08-15 08:50:06 CEST.
Flavor | Version | Tinstall | Tcheck | Ttotal | Status | Flags |
---|---|---|---|---|---|---|
r-devel-linux-x86_64-debian-clang | 1.0.1 | 0.85 | 2.90 | 3.75 | ERROR | |
r-devel-linux-x86_64-debian-gcc | 1.0.1 | 53.09 | 406.36 | 459.45 | OK | |
r-devel-linux-x86_64-fedora-clang | 1.0.1 | 738.66 | NOTE | |||
r-devel-linux-x86_64-fedora-gcc | 1.0.1 | 783.89 | OK | |||
r-devel-windows-x86_64 | 1.0.1 | 77.00 | 618.00 | 695.00 | OK | |
r-patched-linux-x86_64 | 1.0.1 | 63.60 | 540.56 | 604.16 | OK | |
r-release-linux-x86_64 | 1.0.1 | 51.45 | 540.85 | 592.30 | OK | |
r-release-macos-arm64 | 1.0.1 | 120.00 | OK | |||
r-release-macos-x86_64 | 1.0.1 | 236.00 | OK | |||
r-release-windows-x86_64 | 1.0.1 | 72.00 | 636.00 | 708.00 | OK | |
r-oldrel-macos-arm64 | 1.0.1 | 119.00 | OK | |||
r-oldrel-macos-x86_64 | 1.0.1 | 222.00 | OK | |||
r-oldrel-windows-ix86+x86_64 | 1.0.1 | 110.00 | 655.00 | 765.00 | OK |
Version: 1.0.1
Check: package dependencies
Result: ERROR
Package required but not available: 'relsurv'
See section 'The DESCRIPTION file' in the 'Writing R Extensions'
manual.
Flavor: r-devel-linux-x86_64-debian-clang
Version: 1.0.1
Check: package dependencies
Result: NOTE
Imports includes 26 non-default packages.
Importing from so many packages makes the package vulnerable to any of
them becoming unavailable. Move as many as possible to Suggests and
use conditionally.
Flavor: r-devel-linux-x86_64-fedora-clang