Last updated on 2022-08-15 08:50:06 CEST.
Flavor | Version | Tinstall | Tcheck | Ttotal | Status | Flags |
---|---|---|---|---|---|---|
r-devel-linux-x86_64-debian-clang | 5.0-4 | 3.77 | 27.54 | 31.31 | OK | |
r-devel-linux-x86_64-debian-gcc | 5.0-4 | 3.27 | 21.04 | 24.31 | OK | |
r-devel-linux-x86_64-fedora-clang | 5.0-4 | 48.50 | NOTE | |||
r-devel-linux-x86_64-fedora-gcc | 5.0-4 | 48.76 | OK | |||
r-devel-windows-x86_64 | 5.0-4 | 14.00 | 43.00 | 57.00 | NOTE | |
r-patched-linux-x86_64 | 5.0-4 | 4.15 | 27.10 | 31.25 | OK | |
r-release-linux-x86_64 | 5.0-4 | 4.22 | 26.94 | 31.16 | OK | |
r-release-macos-arm64 | 5.0-4 | 15.00 | NOTE | |||
r-release-macos-x86_64 | 5.0-4 | 23.00 | NOTE | |||
r-release-windows-x86_64 | 5.0-4 | 7.00 | 44.00 | 51.00 | NOTE | |
r-oldrel-macos-arm64 | 5.0-4 | 23.00 | NOTE | |||
r-oldrel-macos-x86_64 | 5.0-4 | 31.00 | NOTE | |||
r-oldrel-windows-ix86+x86_64 | 5.0-4 | 10.00 | 43.00 | 53.00 | NOTE |
Version: 5.0-4
Check: installed package size
Result: NOTE
installed size is 10.9Mb
sub-directories of 1Mb or more:
java 10.8Mb
Flavors: r-devel-linux-x86_64-fedora-clang, r-devel-windows-x86_64, r-release-macos-arm64, r-release-macos-x86_64, r-release-windows-x86_64, r-oldrel-macos-arm64, r-oldrel-macos-x86_64, r-oldrel-windows-ix86+x86_64