Last updated on 2022-08-15 08:50:06 CEST.
Flavor | Version | Tinstall | Tcheck | Ttotal | Status | Flags |
---|---|---|---|---|---|---|
r-devel-linux-x86_64-debian-clang | 1.3.3 | 98.53 | 105.68 | 204.21 | OK | |
r-devel-linux-x86_64-debian-gcc | 1.3.3 | 91.96 | 79.89 | 171.85 | OK | |
r-devel-linux-x86_64-fedora-clang | 1.3.3 | 283.54 | NOTE | |||
r-devel-linux-x86_64-fedora-gcc | 1.3.3 | 281.08 | NOTE | |||
r-devel-windows-x86_64 | 1.3.3 | 134.00 | 161.00 | 295.00 | OK | |
r-patched-linux-x86_64 | 1.3.3 | 99.19 | 101.20 | 200.39 | OK | |
r-release-linux-x86_64 | 1.3.3 | 85.18 | 100.69 | 185.87 | OK | |
r-release-macos-arm64 | 1.3.3 | 73.00 | NOTE | |||
r-release-macos-x86_64 | 1.3.3 | 94.00 | NOTE | |||
r-release-windows-x86_64 | 1.3.3 | 146.00 | 165.00 | 311.00 | OK | |
r-oldrel-macos-arm64 | 1.3.3 | 122.00 | NOTE | |||
r-oldrel-macos-x86_64 | 1.3.3 | 150.00 | NOTE | |||
r-oldrel-windows-ix86+x86_64 | 1.3.3 | 160.00 | 146.00 | 306.00 | OK |
Version: 1.3.3
Check: dependencies in R code
Result: NOTE
Namespaces in Imports field not imported from:
‘Matrix’ ‘arules’ ‘pmml’ ‘rJava’
All declared Imports should be used.
Flavors: r-devel-linux-x86_64-fedora-clang, r-devel-linux-x86_64-fedora-gcc, r-release-macos-arm64, r-release-macos-x86_64, r-oldrel-macos-arm64, r-oldrel-macos-x86_64