Last updated on 2022-08-15 08:50:06 CEST.
Flavor | Version | Tinstall | Tcheck | Ttotal | Status | Flags |
---|---|---|---|---|---|---|
r-devel-linux-x86_64-debian-clang | 1.1 | 235.85 | 34.59 | 270.44 | OK | |
r-devel-linux-x86_64-debian-gcc | 1.1 | 186.52 | 30.47 | 216.99 | OK | |
r-devel-linux-x86_64-fedora-clang | 1.1 | 379.33 | OK | |||
r-devel-linux-x86_64-fedora-gcc | 1.1 | 362.31 | OK | |||
r-devel-windows-x86_64 | 1.1 | 155.00 | 97.00 | 252.00 | OK | |
r-patched-linux-x86_64 | 1.1 | 191.16 | 36.91 | 228.07 | OK | |
r-release-linux-x86_64 | 1.1 | 186.87 | 37.90 | 224.77 | OK | |
r-release-macos-arm64 | 1.1 | 82.00 | NOTE | |||
r-release-macos-x86_64 | 1.1 | 110.00 | NOTE | |||
r-release-windows-x86_64 | 1.1 | 154.00 | 95.00 | 249.00 | OK | |
r-oldrel-macos-arm64 | 1.1 | 101.00 | NOTE | |||
r-oldrel-macos-x86_64 | 1.1 | 163.00 | NOTE | |||
r-oldrel-windows-ix86+x86_64 | 1.1 | 498.00 | 96.00 | 594.00 | OK |
Version: 1.1
Check: installed package size
Result: NOTE
installed size is 19.8Mb
sub-directories of 1Mb or more:
libs 19.7Mb
Flavors: r-release-macos-arm64, r-release-macos-x86_64, r-oldrel-macos-arm64, r-oldrel-macos-x86_64