Last updated on 2022-08-15 08:50:06 CEST.
Flavor | Version | Tinstall | Tcheck | Ttotal | Status | Flags |
---|---|---|---|---|---|---|
r-devel-linux-x86_64-debian-clang | 0.2.0 | 3.90 | 50.84 | 54.74 | OK | |
r-devel-linux-x86_64-debian-gcc | 0.2.0 | 3.27 | 37.59 | 40.86 | OK | |
r-devel-linux-x86_64-fedora-clang | 0.2.0 | 79.54 | NOTE | |||
r-devel-linux-x86_64-fedora-gcc | 0.2.0 | 77.27 | NOTE | |||
r-devel-windows-x86_64 | 0.2.0 | 13.00 | 73.00 | 86.00 | OK | |
r-patched-linux-x86_64 | 0.2.0 | 5.54 | 46.57 | 52.11 | OK | |
r-release-linux-x86_64 | 0.2.0 | 5.49 | 46.89 | 52.38 | OK | |
r-release-macos-arm64 | 0.2.0 | 20.00 | NOTE | |||
r-release-macos-x86_64 | 0.2.0 | 40.00 | NOTE | |||
r-release-windows-x86_64 | 0.2.0 | 17.00 | 75.00 | 92.00 | OK | |
r-oldrel-macos-arm64 | 0.2.0 | 29.00 | NOTE | |||
r-oldrel-macos-x86_64 | 0.2.0 | 38.00 | NOTE | |||
r-oldrel-windows-ix86+x86_64 | 0.2.0 | 13.00 | 68.00 | 81.00 | OK |
Version: 0.2.0
Check: dependencies in R code
Result: NOTE
Namespace in Imports field not imported from: ‘magrittr’
All declared Imports should be used.
Flavors: r-devel-linux-x86_64-fedora-clang, r-devel-linux-x86_64-fedora-gcc, r-release-macos-arm64, r-release-macos-x86_64, r-oldrel-macos-arm64, r-oldrel-macos-x86_64