Last updated on 2022-08-15 08:50:06 CEST.
Flavor | Version | Tinstall | Tcheck | Ttotal | Status | Flags |
---|---|---|---|---|---|---|
r-devel-linux-x86_64-debian-clang | 1.1.1 | 55.97 | 29.80 | 85.77 | NOTE | |
r-devel-linux-x86_64-debian-gcc | 1.1.1 | 41.43 | 23.34 | 64.77 | NOTE | |
r-devel-linux-x86_64-fedora-clang | 1.1.1 | 133.69 | NOTE | |||
r-devel-linux-x86_64-fedora-gcc | 1.1.1 | 115.87 | NOTE | |||
r-devel-windows-x86_64 | 1.1.1 | 55.00 | 72.00 | 127.00 | NOTE | |
r-patched-linux-x86_64 | 1.1.1 | 43.48 | 29.35 | 72.83 | NOTE | |
r-release-linux-x86_64 | 1.1.1 | 43.91 | 29.38 | 73.29 | NOTE | |
r-release-macos-arm64 | 1.1.1 | 30.00 | NOTE | |||
r-release-macos-x86_64 | 1.1.1 | 45.00 | NOTE | |||
r-release-windows-x86_64 | 1.1.1 | 52.00 | 72.00 | 124.00 | NOTE | |
r-oldrel-macos-arm64 | 1.1.1 | 34.00 | NOTE | |||
r-oldrel-macos-x86_64 | 1.1.1 | 63.00 | NOTE | |||
r-oldrel-windows-ix86+x86_64 | 1.1.1 | 113.00 | 111.00 | 224.00 | NOTE |
Version: 1.1.1
Check: LazyData
Result: NOTE
'LazyData' is specified without a 'data' directory
Flavors: r-devel-linux-x86_64-debian-clang, r-devel-linux-x86_64-debian-gcc, r-devel-linux-x86_64-fedora-clang, r-devel-linux-x86_64-fedora-gcc, r-devel-windows-x86_64, r-patched-linux-x86_64, r-release-linux-x86_64, r-release-macos-arm64, r-release-macos-x86_64, r-release-windows-x86_64, r-oldrel-macos-arm64, r-oldrel-macos-x86_64, r-oldrel-windows-ix86+x86_64