Last updated on 2022-08-15 08:50:06 CEST.
Flavor | Version | Tinstall | Tcheck | Ttotal | Status | Flags |
---|---|---|---|---|---|---|
r-devel-linux-x86_64-debian-clang | 1.2.2 | 129.32 | 55.68 | 185.00 | OK | |
r-devel-linux-x86_64-debian-gcc | 1.2.2 | 86.69 | 43.30 | 129.99 | OK | |
r-devel-linux-x86_64-fedora-clang | 1.2.2 | 263.22 | OK | |||
r-devel-linux-x86_64-fedora-gcc | 1.2.2 | 230.50 | OK | |||
r-devel-windows-x86_64 | 1.2.2 | 349.00 | 192.00 | 541.00 | OK | |
r-patched-linux-x86_64 | 1.2.2 | 98.54 | 53.60 | 152.14 | OK | |
r-release-linux-x86_64 | 1.2.2 | 103.86 | 53.00 | 156.86 | OK | |
r-release-macos-arm64 | 1.2.2 | 50.00 | NOTE | |||
r-release-macos-x86_64 | 1.2.2 | 79.00 | NOTE | |||
r-release-windows-x86_64 | 1.2.2 | 341.00 | 204.00 | 545.00 | OK | |
r-oldrel-macos-arm64 | 1.2.2 | 52.00 | NOTE | |||
r-oldrel-macos-x86_64 | 1.2.2 | 83.00 | NOTE | |||
r-oldrel-windows-ix86+x86_64 | 1.2.2 | 550.00 | 224.00 | 774.00 | NOTE |
Version: 1.2.2
Check: installed package size
Result: NOTE
installed size is 6.1Mb
sub-directories of 1Mb or more:
libs 5.7Mb
Flavors: r-release-macos-arm64, r-release-macos-x86_64, r-oldrel-macos-arm64, r-oldrel-macos-x86_64, r-oldrel-windows-ix86+x86_64