Last updated on 2022-08-15 08:50:06 CEST.
Flavor | Version | Tinstall | Tcheck | Ttotal | Status | Flags |
---|---|---|---|---|---|---|
r-devel-linux-x86_64-debian-clang | 1.2.0 | 14.28 | 142.57 | 156.85 | NOTE | |
r-devel-linux-x86_64-debian-gcc | 1.2.0 | 11.81 | 105.53 | 117.34 | NOTE | |
r-devel-linux-x86_64-fedora-clang | 1.2.0 | 196.29 | NOTE | |||
r-devel-linux-x86_64-fedora-gcc | 1.2.0 | 202.88 | NOTE | |||
r-devel-windows-x86_64 | 1.2.0 | 28.00 | 157.00 | 185.00 | OK | |
r-patched-linux-x86_64 | 1.2.0 | 22.15 | 131.81 | 153.96 | OK | |
r-release-linux-x86_64 | 1.2.0 | 10.20 | 132.49 | 142.69 | OK | |
r-release-macos-arm64 | 1.2.0 | 49.00 | OK | |||
r-release-macos-x86_64 | 1.2.0 | 77.00 | OK | |||
r-release-windows-x86_64 | 1.2.0 | 27.00 | 163.00 | 190.00 | OK | |
r-oldrel-macos-arm64 | 1.2.0 | 49.00 | OK | |||
r-oldrel-macos-x86_64 | 1.2.0 | 77.00 | OK | |||
r-oldrel-windows-ix86+x86_64 | 1.2.0 | 34.00 | 156.00 | 190.00 | OK |
Version: 1.2.0
Check: HTML version of manual
Result: NOTE
Found the following HTML validation problems:
ci.html:142:38: Warning: nested emphasis <code>
medci.html:136:38: Warning: nested emphasis <code>
Flavors: r-devel-linux-x86_64-debian-clang, r-devel-linux-x86_64-debian-gcc, r-devel-linux-x86_64-fedora-clang, r-devel-linux-x86_64-fedora-gcc