Last updated on 2022-08-15 08:50:06 CEST.
Flavor | Version | Tinstall | Tcheck | Ttotal | Status | Flags |
---|---|---|---|---|---|---|
r-devel-linux-x86_64-debian-clang | 4.1.3 | 8.64 | 200.65 | 209.29 | OK | |
r-devel-linux-x86_64-debian-gcc | 4.1.3 | 5.89 | 153.89 | 159.78 | NOTE | |
r-devel-linux-x86_64-fedora-clang | 4.1.3 | 260.76 | NOTE | |||
r-devel-linux-x86_64-fedora-gcc | 4.1.3 | 266.55 | NOTE | |||
r-devel-windows-x86_64 | 4.1.3 | 28.00 | 309.00 | 337.00 | OK | |
r-patched-linux-x86_64 | 4.1.3 | 12.92 | 192.13 | 205.05 | NOTE | |
r-release-linux-x86_64 | 4.1.3 | 6.83 | 193.39 | 200.22 | NOTE | |
r-release-macos-arm64 | 4.1.3 | 77.00 | OK | |||
r-release-macos-x86_64 | 4.1.3 | 129.00 | OK | |||
r-release-windows-x86_64 | 4.1.3 | 24.00 | 315.00 | 339.00 | OK | |
r-oldrel-macos-arm64 | 4.1.3 | 90.00 | OK | |||
r-oldrel-macos-x86_64 | 4.1.3 | 145.00 | OK | |||
r-oldrel-windows-ix86+x86_64 | 4.1.3 | 21.00 | 305.00 | 326.00 | WARN |
Version: 4.1.3
Check: package dependencies
Result: NOTE
Package suggested but not available for checking: ‘blockcluster’
Flavors: r-devel-linux-x86_64-debian-gcc, r-devel-linux-x86_64-fedora-clang, r-devel-linux-x86_64-fedora-gcc, r-patched-linux-x86_64, r-release-linux-x86_64
Version: 4.1.3
Check: re-building of vignette outputs
Result: WARN
Error(s) in re-building vignettes:
--- re-building 'ClusVis.Rmd' using rmarkdown
--- finished re-building 'ClusVis.Rmd'
--- re-building 'MixtComp.Rmd' using rmarkdown
Quitting from lines 138-142 (MixtComp.Rmd)
Error: processing vignette 'MixtComp.Rmd' failed with diagnostics:
dim(X) must have a positive length
--- failed re-building 'MixtComp.Rmd'
--- re-building 'dataFormat.Rmd' using rmarkdown
--- finished re-building 'dataFormat.Rmd'
--- re-building 'mixtCompObject.Rmd' using rmarkdown
--- finished re-building 'mixtCompObject.Rmd'
SUMMARY: processing the following file failed:
'MixtComp.Rmd'
Error: Vignette re-building failed.
Execution halted
Flavor: r-oldrel-windows-ix86+x86_64