Last updated on 2022-08-15 08:50:06 CEST.
Flavor | Version | Tinstall | Tcheck | Ttotal | Status | Flags |
---|---|---|---|---|---|---|
r-devel-linux-x86_64-debian-clang | 4.1.4 | 9.78 | 85.66 | 95.44 | OK | |
r-devel-linux-x86_64-debian-gcc | 4.1.4 | 6.65 | 62.03 | 68.68 | NOTE | |
r-devel-linux-x86_64-fedora-clang | 4.1.4 | 120.84 | NOTE | |||
r-devel-linux-x86_64-fedora-gcc | 4.1.4 | 121.88 | NOTE | |||
r-devel-windows-x86_64 | 4.1.4 | 155.00 | 106.00 | 261.00 | OK | |
r-patched-linux-x86_64 | 4.1.4 | 6.80 | 78.05 | 84.85 | NOTE | |
r-release-linux-x86_64 | 4.1.4 | 6.72 | 76.32 | 83.04 | NOTE | |
r-release-macos-arm64 | 4.1.4 | 32.00 | OK | |||
r-release-macos-x86_64 | 4.1.4 | 54.00 | OK | |||
r-release-windows-x86_64 | 4.1.4 | 194.00 | 110.00 | 304.00 | OK | |
r-oldrel-macos-arm64 | 4.1.4 | 39.00 | OK | |||
r-oldrel-macos-x86_64 | 4.1.4 | 64.00 | OK | |||
r-oldrel-windows-ix86+x86_64 | 4.1.4 | 24.00 | 101.00 | 125.00 | OK |
Version: 4.1.4
Check: package dependencies
Result: NOTE
Package suggested but not available for checking: ‘blockcluster’
Flavors: r-devel-linux-x86_64-debian-gcc, r-devel-linux-x86_64-fedora-clang, r-devel-linux-x86_64-fedora-gcc, r-patched-linux-x86_64, r-release-linux-x86_64