Last updated on 2022-08-15 08:50:06 CEST.
Flavor | Version | Tinstall | Tcheck | Ttotal | Status | Flags |
---|---|---|---|---|---|---|
r-devel-linux-x86_64-debian-clang | 0.10.23 | 7.67 | 39.17 | 46.84 | OK | |
r-devel-linux-x86_64-debian-gcc | 0.10.23 | 5.72 | 31.02 | 36.74 | OK | |
r-devel-linux-x86_64-fedora-clang | 0.10.23 | 70.16 | OK | |||
r-devel-linux-x86_64-fedora-gcc | 0.10.23 | 66.19 | OK | |||
r-devel-windows-x86_64 | 0.10.23 | 76.00 | 145.00 | 221.00 | OK | |
r-patched-linux-x86_64 | 0.10.23 | 6.98 | 35.94 | 42.92 | OK | |
r-release-linux-x86_64 | 0.10.23 | 7.20 | 35.87 | 43.07 | OK | |
r-release-macos-arm64 | 0.10.23 | 25.00 | OK | |||
r-release-macos-x86_64 | 0.10.23 | 36.00 | OK | |||
r-release-windows-x86_64 | 0.10.23 | 52.00 | 145.00 | 197.00 | OK | |
r-oldrel-macos-arm64 | 0.10.23 | 30.00 | OK | |||
r-oldrel-macos-x86_64 | 0.10.23 | 35.00 | OK | |||
r-oldrel-windows-ix86+x86_64 | 0.10.23 | 30.00 | 169.00 | 199.00 | NOTE |
Version: 0.10.23
Check: installed package size
Result: NOTE
installed size is 6.8Mb
sub-directories of 1Mb or more:
libs 6.4Mb
Flavor: r-oldrel-windows-ix86+x86_64