Last updated on 2022-08-15 08:50:06 CEST.
Flavor | Version | Tinstall | Tcheck | Ttotal | Status | Flags |
---|---|---|---|---|---|---|
r-devel-linux-x86_64-debian-clang | 1.0.0 | 46.37 | 36.36 | 82.73 | NOTE | |
r-devel-linux-x86_64-debian-gcc | 1.0.0 | 38.64 | 28.12 | 66.76 | NOTE | |
r-devel-linux-x86_64-fedora-clang | 1.0.0 | 130.37 | NOTE | |||
r-devel-linux-x86_64-fedora-gcc | 1.0.0 | 118.84 | NOTE | |||
r-devel-windows-x86_64 | 1.0.0 | 136.00 | 84.00 | 220.00 | NOTE | |
r-patched-linux-x86_64 | 1.0.0 | 41.30 | 34.17 | 75.47 | NOTE | |
r-release-linux-x86_64 | 1.0.0 | 38.94 | 34.86 | 73.80 | NOTE | |
r-release-macos-arm64 | 1.0.0 | 32.00 | NOTE | |||
r-release-macos-x86_64 | 1.0.0 | 45.00 | NOTE | |||
r-release-windows-x86_64 | 1.0.0 | 46.00 | 83.00 | 129.00 | NOTE | |
r-oldrel-macos-arm64 | 1.0.0 | 39.00 | NOTE | |||
r-oldrel-macos-x86_64 | 1.0.0 | 63.00 | NOTE | |||
r-oldrel-windows-ix86+x86_64 | 1.0.0 | 123.00 | 82.00 | 205.00 | NOTE |
Version: 1.0.0
Check: LazyData
Result: NOTE
'LazyData' is specified without a 'data' directory
Flavors: r-devel-linux-x86_64-debian-clang, r-devel-linux-x86_64-debian-gcc, r-devel-linux-x86_64-fedora-clang, r-devel-linux-x86_64-fedora-gcc, r-devel-windows-x86_64, r-patched-linux-x86_64, r-release-linux-x86_64, r-release-macos-arm64, r-release-macos-x86_64, r-release-windows-x86_64, r-oldrel-macos-arm64, r-oldrel-macos-x86_64, r-oldrel-windows-ix86+x86_64