Last updated on 2022-08-15 08:50:06 CEST.
Flavor | Version | Tinstall | Tcheck | Ttotal | Status | Flags |
---|---|---|---|---|---|---|
r-devel-linux-x86_64-debian-clang | 1.4.1 | 33.41 | 44.09 | 77.50 | OK | |
r-devel-linux-x86_64-debian-gcc | 1.4.1 | 29.08 | 33.33 | 62.41 | OK | |
r-devel-linux-x86_64-fedora-clang | 1.4.1 | 109.30 | OK | |||
r-devel-linux-x86_64-fedora-gcc | 1.4.1 | 120.05 | OK | |||
r-devel-windows-x86_64 | 1.4.1 | 124.00 | 94.00 | 218.00 | OK | |
r-patched-linux-x86_64 | 1.4.1 | 30.61 | 41.01 | 71.62 | OK | |
r-release-linux-x86_64 | 1.4.1 | 28.22 | 40.90 | 69.12 | OK | |
r-release-macos-arm64 | 1.4.1 | 46.00 | NOTE | |||
r-release-macos-x86_64 | 1.4.1 | 51.00 | NOTE | |||
r-release-windows-x86_64 | 1.4.1 | 107.00 | 95.00 | 202.00 | OK | |
r-oldrel-macos-arm64 | 1.4.1 | 42.00 | NOTE | |||
r-oldrel-macos-x86_64 | 1.4.1 | 52.00 | NOTE | |||
r-oldrel-windows-ix86+x86_64 | 1.4.1 | 80.00 | 100.00 | 180.00 | NOTE |
Version: 1.4.1
Check: installed package size
Result: NOTE
installed size is 6.5Mb
sub-directories of 1Mb or more:
doxygen 1.5Mb
libs 3.8Mb
Flavors: r-release-macos-arm64, r-release-macos-x86_64, r-oldrel-macos-arm64, r-oldrel-macos-x86_64, r-oldrel-windows-ix86+x86_64