Last updated on 2022-08-15 08:50:07 CEST.
Flavor | Version | Tinstall | Tcheck | Ttotal | Status | Flags |
---|---|---|---|---|---|---|
r-devel-linux-x86_64-debian-clang | 4.60.2 | 1.72 | 26.11 | 27.83 | OK | |
r-devel-linux-x86_64-debian-gcc | 4.60.2 | 2.08 | 20.87 | 22.95 | OK | |
r-devel-linux-x86_64-fedora-clang | 4.60.2 | 47.02 | OK | |||
r-devel-linux-x86_64-fedora-gcc | 4.60.2 | 44.99 | OK | |||
r-devel-windows-x86_64 | 4.60.2 | 17.00 | 57.00 | 74.00 | OK | |
r-patched-linux-x86_64 | 4.60.2 | 2.10 | 25.40 | 27.50 | OK | |
r-release-linux-x86_64 | 4.60.2 | 2.68 | 26.26 | 28.94 | OK | |
r-release-macos-arm64 | 4.60.2 | 18.00 | WARN | |||
r-release-macos-x86_64 | 4.60.2 | 25.00 | WARN | |||
r-release-windows-x86_64 | 4.60.2 | 17.00 | 57.00 | 74.00 | OK | |
r-oldrel-macos-arm64 | 4.60.2 | 22.00 | WARN | |||
r-oldrel-macos-x86_64 | 4.60.2 | 23.00 | WARN | |||
r-oldrel-windows-ix86+x86_64 | 4.60.2 | 8.00 | 44.00 | 52.00 | OK |
Version: 4.60.2
Check: dependencies in R code
Result: NOTE
sh: cmake: command not found
Flavors: r-release-macos-arm64, r-release-macos-x86_64, r-oldrel-macos-arm64, r-oldrel-macos-x86_64
Version: 4.60.2
Check: S3 generic/method consistency
Result: WARN
sh: cmake: command not found
See section ‘Generic functions and methods’ in the ‘Writing R
Extensions’ manual.
Flavors: r-release-macos-arm64, r-release-macos-x86_64, r-oldrel-macos-arm64, r-oldrel-macos-x86_64
Version: 4.60.2
Check: replacement functions
Result: WARN
sh: cmake: command not found
The argument of a replacement function which corresponds to the right
hand side must be named ‘value’.
Flavors: r-release-macos-arm64, r-release-macos-x86_64, r-oldrel-macos-arm64, r-oldrel-macos-x86_64
Version: 4.60.2
Check: foreign function calls
Result: NOTE
sh: cmake: command not found
See chapter ‘System and foreign language interfaces’ in the ‘Writing R
Extensions’ manual.
Flavors: r-release-macos-arm64, r-release-macos-x86_64, r-oldrel-macos-arm64, r-oldrel-macos-x86_64
Version: 4.60.2
Check: for missing documentation entries
Result: WARN
sh: cmake: command not found
All user-level objects in a package should have documentation entries.
See chapter ‘Writing R documentation files’ in the ‘Writing R
Extensions’ manual.
Flavors: r-release-macos-arm64, r-release-macos-x86_64, r-oldrel-macos-arm64, r-oldrel-macos-x86_64
Version: 4.60.2
Check: for code/documentation mismatches
Result: WARN
sh: cmake: command not found
sh: cmake: command not found
sh: cmake: command not found
Flavors: r-release-macos-arm64, r-release-macos-x86_64, r-oldrel-macos-arm64, r-oldrel-macos-x86_64
Version: 4.60.2
Check: Rd \usage sections
Result: NOTE
sh: cmake: command not found
The \usage entries for S3 methods should use the \method markup and not
their full name.
See chapter ‘Writing R documentation files’ in the ‘Writing R
Extensions’ manual.
Flavors: r-release-macos-arm64, r-release-macos-x86_64, r-oldrel-macos-arm64, r-oldrel-macos-x86_64